{"id":2291,"date":"2025-01-14T10:00:23","date_gmt":"2025-01-14T03:00:23","guid":{"rendered":"https:\/\/xetai3s.vn\/?post_type=product&#038;p=2291"},"modified":"2025-01-14T10:00:23","modified_gmt":"2025-01-14T03:00:23","slug":"be-buoc-chan-xe-tai-jac-n800-n900","status":"publish","type":"product","link":"https:\/\/xetai3s.vn\/?product=be-buoc-chan-xe-tai-jac-n800-n900","title":{"rendered":"B\u1ec6 B\u01af\u1edaC CH\u00c2N XE T\u1ea2I JAC N800\/N900"},"content":{"rendered":"<h1 style=\"text-align: center;\"><span style=\"color: #0000ff; font-size: 140%;\"><strong>B\u1ec7 B\u01b0\u1edbc Ch\u00e2n Xe T\u1ea3i Jac\u00a0<\/strong><\/span><\/h1>\n<p><strong>Ph\u1ee5 t\u00f9ng Jac ch\u00ednh h\u00e3ng (B\u1ec7 b\u01b0\u1edbc ch\u00e2n xe t\u1ea3i jac n900)<\/strong>\u00a0\u0111\u01b0\u1ee3c s\u1ea3n xu\u1ea5t theo ti\u00eau chu\u1ea9n k\u1ef9 thu\u1eadt nghi\u00eam ng\u1eb7t c\u1ee7a nh\u00e0 m\u00e1y JAC, \u0111\u1ea3m b\u1ea3o \u0111\u1ed9 ch\u00ednh x\u00e1c v\u00e0 t\u01b0\u01a1ng th\u00edch tuy\u1ec7t \u0111\u1ed1i v\u1edbi xe.<\/p>\n<p>S\u1eed d\u1ee5ng ph\u1ee5 t\u00f9ng ch\u00ednh h\u00e3ng gi\u00fap gi\u1ea3m thi\u1ec3u nguy c\u01a1 h\u01b0 h\u1ecfng, k\u00e9o d\u00e0i tu\u1ed5i th\u1ecd cho \u0111\u1ed9ng c\u01a1 v\u00e0 c\u00e1c b\u1ed9 ph\u1eadn kh\u00e1c.<\/p>\n<p>Ch\u00fang t\u00f4i chuy\u00ean cung c\u1ea5p ph\u00f9 t\u1ee5ng xe t\u1ea3i Jac to\u00e0n qu\u1ed1c<\/p>\n<p style=\"text-align: center;\"><span style=\"color: #0000ff; font-size: 140%;\"><strong>Li\u00ean h\u1ec7 Mr S\u01a1n 0902.904.964 t\u01b0 v\u1ea5n v\u00e0 b\u00e1o gi\u00e1 chi ti\u1ebft<\/strong><\/span><\/p>\n","protected":false},"excerpt":{"rendered":"<p>ph\u1ee5 t\u00f9ng xe t\u1ea3i jac ch\u00ednh h\u00e3ng<\/p>\n","protected":false},"featured_media":2293,"template":"","meta":[],"class_list":{"0":"post-2291","1":"product","2":"type-product","3":"status-publish","4":"has-post-thumbnail","6":"product_cat-phu-tung","7":"product_tag-be-buoc-chan-xe-tai-jac","8":"product_tag-phu-tung-xe-jac","9":"product_tag-phu-tung-xe-tai-jac","11":"first","12":"instock","13":"shipping-taxable","14":"product-type-simple"},"yoast_head":"<!-- This site is optimized with the Yoast SEO plugin v23.2 - https:\/\/yoast.com\/wordpress\/plugins\/seo\/ -->\n<title>B\u1ec6 B\u01af\u1edaC CH\u00c2N XE T\u1ea2I JAC N800\/N900 -<\/title>\n<meta name=\"description\" content=\"B\u1ec7 b\u01b0\u1edbc ch\u00e2n xe t\u1ea3i jac ch\u00ednh h\u00e3ng,ch\u00fang t\u00f4i chuy\u00ean cung c\u1ea5p xe t\u1ea3i jac ch\u00ednh h\u00e3ng to\u00e0n qu\u1ed1c.Uy t\u00edn ch\u1ea5t l\u01b0\u1ee3ng chu\u1ea9n h\u00e3ng Jac Motor\" \/>\n<meta name=\"robots\" content=\"index, follow, max-snippet:-1, max-image-preview:large, max-video-preview:-1\" \/>\n<link rel=\"canonical\" href=\"https:\/\/xetai3s.vn\/?product=be-buoc-chan-xe-tai-jac-n800-n900\" \/>\n<meta property=\"og:locale\" content=\"vi_VN\" \/>\n<meta property=\"og:type\" content=\"article\" \/>\n<meta property=\"og:title\" content=\"B\u1ec6 B\u01af\u1edaC CH\u00c2N XE T\u1ea2I JAC N800\/N900 -\" \/>\n<meta property=\"og:description\" content=\"B\u1ec7 b\u01b0\u1edbc ch\u00e2n xe t\u1ea3i jac ch\u00ednh h\u00e3ng,ch\u00fang t\u00f4i chuy\u00ean cung c\u1ea5p xe t\u1ea3i jac ch\u00ednh h\u00e3ng to\u00e0n qu\u1ed1c.Uy t\u00edn ch\u1ea5t l\u01b0\u1ee3ng chu\u1ea9n h\u00e3ng Jac Motor\" \/>\n<meta property=\"og:url\" content=\"https:\/\/xetai3s.vn\/?product=be-buoc-chan-xe-tai-jac-n800-n900\" \/>\n<meta property=\"og:image\" content=\"https:\/\/xetai3s.vn\/wp-content\/uploads\/2025\/01\/z6226680168326_667a03ceea734e89e34b92b68159a9ec_optimized.jpg\" \/>\n\t<meta property=\"og:image:width\" content=\"800\" \/>\n\t<meta property=\"og:image:height\" content=\"600\" \/>\n\t<meta property=\"og:image:type\" content=\"image\/jpeg\" \/>\n<meta name=\"twitter:card\" content=\"summary_large_image\" \/>\n<meta name=\"twitter:label1\" content=\"Gi\u00e1\" \/>\n\t<meta name=\"twitter:data1\" content=\"\" \/>\n\t<meta name=\"twitter:label2\" content=\"Kh\u1ea3 d\u1ee5ng\" \/>\n\t<meta name=\"twitter:data2\" content=\"Trong kho\" \/>\n<script type=\"application\/ld+json\" class=\"yoast-schema-graph\">{\"@context\":\"https:\/\/schema.org\",\"@graph\":[{\"@type\":\"WebPage\",\"@id\":\"https:\/\/xetai3s.vn\/?product=be-buoc-chan-xe-tai-jac-n800-n900\",\"url\":\"https:\/\/xetai3s.vn\/?product=be-buoc-chan-xe-tai-jac-n800-n900\",\"name\":\"B\u1ec6 B\u01af\u1edaC CH\u00c2N XE T\u1ea2I JAC N800\/N900 -\",\"isPartOf\":{\"@id\":\"https:\/\/xetai3s.vn\/#website\"},\"primaryImageOfPage\":{\"@id\":\"https:\/\/xetai3s.vn\/?product=be-buoc-chan-xe-tai-jac-n800-n900#primaryimage\"},\"image\":{\"@id\":\"https:\/\/xetai3s.vn\/?product=be-buoc-chan-xe-tai-jac-n800-n900#primaryimage\"},\"thumbnailUrl\":\"https:\/\/xetai3s.vn\/wp-content\/uploads\/2025\/01\/z6226680168326_667a03ceea734e89e34b92b68159a9ec_optimized.jpg\",\"datePublished\":\"2025-01-14T03:00:23+00:00\",\"dateModified\":\"2025-01-14T03:00:23+00:00\",\"description\":\"B\u1ec7 b\u01b0\u1edbc ch\u00e2n xe t\u1ea3i jac ch\u00ednh h\u00e3ng,ch\u00fang t\u00f4i chuy\u00ean cung c\u1ea5p xe t\u1ea3i jac ch\u00ednh h\u00e3ng to\u00e0n qu\u1ed1c.Uy t\u00edn ch\u1ea5t l\u01b0\u1ee3ng chu\u1ea9n h\u00e3ng Jac Motor\",\"breadcrumb\":{\"@id\":\"https:\/\/xetai3s.vn\/?product=be-buoc-chan-xe-tai-jac-n800-n900#breadcrumb\"},\"inLanguage\":\"vi\",\"potentialAction\":[{\"@type\":\"ReadAction\",\"target\":[\"https:\/\/xetai3s.vn\/?product=be-buoc-chan-xe-tai-jac-n800-n900\"]}]},{\"@type\":\"ImageObject\",\"inLanguage\":\"vi\",\"@id\":\"https:\/\/xetai3s.vn\/?product=be-buoc-chan-xe-tai-jac-n800-n900#primaryimage\",\"url\":\"https:\/\/xetai3s.vn\/wp-content\/uploads\/2025\/01\/z6226680168326_667a03ceea734e89e34b92b68159a9ec_optimized.jpg\",\"contentUrl\":\"https:\/\/xetai3s.vn\/wp-content\/uploads\/2025\/01\/z6226680168326_667a03ceea734e89e34b92b68159a9ec_optimized.jpg\",\"width\":800,\"height\":600,\"caption\":\"H\u00ecnh \u1ea3nh: B\u1ec7 b\u01b0\u1edbc ch\u00e2n c\u00e1c d\u00f2ng xe t\u1ea3i jac\"},{\"@type\":\"BreadcrumbList\",\"@id\":\"https:\/\/xetai3s.vn\/?product=be-buoc-chan-xe-tai-jac-n800-n900#breadcrumb\",\"itemListElement\":[{\"@type\":\"ListItem\",\"position\":1,\"name\":\"Trang ch\u1ee7\",\"item\":\"https:\/\/xetai3s.vn\/\"},{\"@type\":\"ListItem\",\"position\":2,\"name\":\"C\u1eeda h\u00e0ng\",\"item\":\"https:\/\/xetai3s.vn\/?page_id=16\"},{\"@type\":\"ListItem\",\"position\":3,\"name\":\"B\u1ec6 B\u01af\u1edaC CH\u00c2N XE T\u1ea2I JAC N800\/N900\"}]},{\"@type\":\"WebSite\",\"@id\":\"https:\/\/xetai3s.vn\/#website\",\"url\":\"https:\/\/xetai3s.vn\/\",\"name\":\"\",\"description\":\"Xe T\u1ea3i Jac\",\"potentialAction\":[{\"@type\":\"SearchAction\",\"target\":{\"@type\":\"EntryPoint\",\"urlTemplate\":\"https:\/\/xetai3s.vn\/?s={search_term_string}\"},\"query-input\":\"required name=search_term_string\"}],\"inLanguage\":\"vi\"}]}<\/script>\n<meta property=\"product:price:amount\" content=\"0\" \/>\n<meta property=\"product:price:currency\" content=\"VND\" \/>\n<meta property=\"og:availability\" content=\"instock\" \/>\n<meta property=\"product:availability\" content=\"instock\" \/>\n<meta property=\"product:condition\" content=\"new\" \/>\n<!-- \/ Yoast SEO plugin. -->","yoast_head_json":{"title":"B\u1ec6 B\u01af\u1edaC CH\u00c2N XE T\u1ea2I JAC N800\/N900 -","description":"B\u1ec7 b\u01b0\u1edbc ch\u00e2n xe t\u1ea3i jac ch\u00ednh h\u00e3ng,ch\u00fang t\u00f4i chuy\u00ean cung c\u1ea5p xe t\u1ea3i jac ch\u00ednh h\u00e3ng to\u00e0n qu\u1ed1c.Uy t\u00edn ch\u1ea5t l\u01b0\u1ee3ng chu\u1ea9n h\u00e3ng Jac Motor","robots":{"index":"index","follow":"follow","max-snippet":"max-snippet:-1","max-image-preview":"max-image-preview:large","max-video-preview":"max-video-preview:-1"},"canonical":"https:\/\/xetai3s.vn\/?product=be-buoc-chan-xe-tai-jac-n800-n900","og_locale":"vi_VN","og_type":"article","og_title":"B\u1ec6 B\u01af\u1edaC CH\u00c2N XE T\u1ea2I JAC N800\/N900 -","og_description":"B\u1ec7 b\u01b0\u1edbc ch\u00e2n xe t\u1ea3i jac ch\u00ednh h\u00e3ng,ch\u00fang t\u00f4i chuy\u00ean cung c\u1ea5p xe t\u1ea3i jac ch\u00ednh h\u00e3ng to\u00e0n qu\u1ed1c.Uy t\u00edn ch\u1ea5t l\u01b0\u1ee3ng chu\u1ea9n h\u00e3ng Jac Motor","og_url":"https:\/\/xetai3s.vn\/?product=be-buoc-chan-xe-tai-jac-n800-n900","og_image":[{"width":800,"height":600,"url":"https:\/\/xetai3s.vn\/wp-content\/uploads\/2025\/01\/z6226680168326_667a03ceea734e89e34b92b68159a9ec_optimized.jpg","type":"image\/jpeg"}],"twitter_card":"summary_large_image","twitter_misc":{"Gi\u00e1":"","Kh\u1ea3 d\u1ee5ng":"Trong kho"},"schema":{"@context":"https:\/\/schema.org","@graph":[{"@type":"WebPage","@id":"https:\/\/xetai3s.vn\/?product=be-buoc-chan-xe-tai-jac-n800-n900","url":"https:\/\/xetai3s.vn\/?product=be-buoc-chan-xe-tai-jac-n800-n900","name":"B\u1ec6 B\u01af\u1edaC CH\u00c2N XE T\u1ea2I JAC N800\/N900 -","isPartOf":{"@id":"https:\/\/xetai3s.vn\/#website"},"primaryImageOfPage":{"@id":"https:\/\/xetai3s.vn\/?product=be-buoc-chan-xe-tai-jac-n800-n900#primaryimage"},"image":{"@id":"https:\/\/xetai3s.vn\/?product=be-buoc-chan-xe-tai-jac-n800-n900#primaryimage"},"thumbnailUrl":"https:\/\/xetai3s.vn\/wp-content\/uploads\/2025\/01\/z6226680168326_667a03ceea734e89e34b92b68159a9ec_optimized.jpg","datePublished":"2025-01-14T03:00:23+00:00","dateModified":"2025-01-14T03:00:23+00:00","description":"B\u1ec7 b\u01b0\u1edbc ch\u00e2n xe t\u1ea3i jac ch\u00ednh h\u00e3ng,ch\u00fang t\u00f4i chuy\u00ean cung c\u1ea5p xe t\u1ea3i jac ch\u00ednh h\u00e3ng to\u00e0n qu\u1ed1c.Uy t\u00edn ch\u1ea5t l\u01b0\u1ee3ng chu\u1ea9n h\u00e3ng Jac Motor","breadcrumb":{"@id":"https:\/\/xetai3s.vn\/?product=be-buoc-chan-xe-tai-jac-n800-n900#breadcrumb"},"inLanguage":"vi","potentialAction":[{"@type":"ReadAction","target":["https:\/\/xetai3s.vn\/?product=be-buoc-chan-xe-tai-jac-n800-n900"]}]},{"@type":"ImageObject","inLanguage":"vi","@id":"https:\/\/xetai3s.vn\/?product=be-buoc-chan-xe-tai-jac-n800-n900#primaryimage","url":"https:\/\/xetai3s.vn\/wp-content\/uploads\/2025\/01\/z6226680168326_667a03ceea734e89e34b92b68159a9ec_optimized.jpg","contentUrl":"https:\/\/xetai3s.vn\/wp-content\/uploads\/2025\/01\/z6226680168326_667a03ceea734e89e34b92b68159a9ec_optimized.jpg","width":800,"height":600,"caption":"H\u00ecnh \u1ea3nh: B\u1ec7 b\u01b0\u1edbc ch\u00e2n c\u00e1c d\u00f2ng xe t\u1ea3i jac"},{"@type":"BreadcrumbList","@id":"https:\/\/xetai3s.vn\/?product=be-buoc-chan-xe-tai-jac-n800-n900#breadcrumb","itemListElement":[{"@type":"ListItem","position":1,"name":"Trang ch\u1ee7","item":"https:\/\/xetai3s.vn\/"},{"@type":"ListItem","position":2,"name":"C\u1eeda h\u00e0ng","item":"https:\/\/xetai3s.vn\/?page_id=16"},{"@type":"ListItem","position":3,"name":"B\u1ec6 B\u01af\u1edaC CH\u00c2N XE T\u1ea2I JAC N800\/N900"}]},{"@type":"WebSite","@id":"https:\/\/xetai3s.vn\/#website","url":"https:\/\/xetai3s.vn\/","name":"","description":"Xe T\u1ea3i Jac","potentialAction":[{"@type":"SearchAction","target":{"@type":"EntryPoint","urlTemplate":"https:\/\/xetai3s.vn\/?s={search_term_string}"},"query-input":"required name=search_term_string"}],"inLanguage":"vi"}]},"product_price_currency":"VND","og_availability":"instock","product_availability":"instock","product_condition":"new"},"_links":{"self":[{"href":"https:\/\/xetai3s.vn\/index.php?rest_route=\/wp\/v2\/product\/2291"}],"collection":[{"href":"https:\/\/xetai3s.vn\/index.php?rest_route=\/wp\/v2\/product"}],"about":[{"href":"https:\/\/xetai3s.vn\/index.php?rest_route=\/wp\/v2\/types\/product"}],"wp:featuredmedia":[{"embeddable":true,"href":"https:\/\/xetai3s.vn\/index.php?rest_route=\/wp\/v2\/media\/2293"}],"wp:attachment":[{"href":"https:\/\/xetai3s.vn\/index.php?rest_route=%2Fwp%2Fv2%2Fmedia&parent=2291"}],"curies":[{"name":"wp","href":"https:\/\/api.w.org\/{rel}","templated":true}]}}