{"id":2269,"date":"2024-12-26T11:24:07","date_gmt":"2024-12-26T04:24:07","guid":{"rendered":"https:\/\/xetai3s.vn\/?post_type=product&#038;p=2269"},"modified":"2025-03-26T06:43:08","modified_gmt":"2025-03-25T23:43:08","slug":"xe-tai-jac-h200-e5-tai-1-9-tan-thung-dai-3m8","status":"publish","type":"product","link":"https:\/\/xetai3s.vn\/?product=xe-tai-jac-h200-e5-tai-1-9-tan-thung-dai-3m8","title":{"rendered":"XE T\u1ea2I JAC H200 E5 T\u1ea2I 1.9 T\u1ea4N TH\u00d9NG D\u00c0I 3M8-tr\u1ea3 tr\u01b0\u1edbc 90tr"},"content":{"rendered":"<h1 style=\"text-align: center;\"><span style=\"color: #0000ff;\"><strong><span style=\"font-size: 75%;\">XE T\u1ea2I JAC H200 E5 T\u1ea2I 1.9 T\u1ea4N TH\u00d9NG D\u00c0I 3M8 M\u00c1Y QUANCHAI 2.5L<\/span><\/strong><\/span><\/h1>\n<hr \/>\n<h2 style=\"text-align: left;\"><span style=\"color: #0000ff; font-size: 75%;\"><strong>Gi\u1edbi Thi\u1ec7u Xe T\u1ea3i Jac H200 E5<\/strong><\/span><\/h2>\n<p><strong>Xe t\u1ea3i Jac H200 e5<\/strong> l\u00e0 s\u1ea3n ph\u1ea9m <strong>1 t\u1ea5n 9<\/strong>\u00a0m\u1edbi nh\u1ea5t c\u1ee7a nh\u00e0 m\u00e1y Jac Vi\u1ec7t Nam n\u0103m 2025.<\/p>\n<p>Ph\u00e2n kh\u00fac \u0111\u00e1p \u1ee9ng nhu c\u1ea7u xe ra v\u00e0o th\u00e0nh ph\u1ed1,\u0111\u01b0\u1ee3c kh\u00e1ch h\u00e0ng \u0111\u00e1nh gi\u00e1 cao v\u1ec1 m\u1eabu m\u00e3 v\u00e0 ch\u1ea5t l\u01b0\u1ee3ng.<\/p>\n<p><strong>Jac H200<\/strong> trang b\u1ecb m\u00e1y <strong>Wanchai 2.5L<\/strong> ti\u1ebft ki\u1ec7m nhi\u00ean li\u1ec7u,m\u00e1y kh\u1ecfe,b\u1ec1n b\u1ec9 v\u1edbi th\u1eddi gian.<\/p>\n<h2><strong><span style=\"font-size: 75%; color: #0000ff;\">Ngo\u1ea1i Th\u1ea5t v\u00e0 N\u1ed9i Th\u1ea5t Xe Jac H200 E5<\/span><\/strong><\/h2>\n<figure id=\"attachment_2271\" aria-describedby=\"caption-attachment-2271\" style=\"width: 800px\" class=\"wp-caption aligncenter\"><a href=\"https:\/\/xetai3s.vn\/?product=xe-tai-jac-h200-e5-tai-2-4-tan-thung-dai-3m6\"><img loading=\"lazy\" decoding=\"async\" class=\"wp-image-2271 size-full\" title=\"Jac H200 e5 t\u1ea3i 1 t\u1ea5n 9\" src=\"https:\/\/xetai3s.vn\/wp-content\/uploads\/2024\/12\/z6167229041064_3b83a3ab24ea09d390b301628f9dd01c_optimized.jpg\" alt=\"Xe t\u1ea3i Jac 1.9 t\u1ea5n\" width=\"800\" height=\"600\" srcset=\"https:\/\/xetai3s.vn\/wp-content\/uploads\/2024\/12\/z6167229041064_3b83a3ab24ea09d390b301628f9dd01c_optimized.jpg 800w, https:\/\/xetai3s.vn\/wp-content\/uploads\/2024\/12\/z6167229041064_3b83a3ab24ea09d390b301628f9dd01c_optimized-300x225.jpg 300w, https:\/\/xetai3s.vn\/wp-content\/uploads\/2024\/12\/z6167229041064_3b83a3ab24ea09d390b301628f9dd01c_optimized-768x576.jpg 768w\" sizes=\"(max-width: 800px) 100vw, 800px\" \/><\/a><figcaption id=\"caption-attachment-2271\" class=\"wp-caption-text\">H\u00ecnh \u1ea3nh: Xe t\u1ea3i Jac t\u1ea3i 1 t\u1ea5n 9 th\u00f9ng d\u00e0i 3m8<\/figcaption><\/figure>\n<p>Ngo\u1ea1i th\u1ea5t <strong>xe Jac H200<\/strong> \u0111\u01b0\u1ee3c thi\u1ebft k\u1ebf cabin \u0111\u1ea7u tr\u00f2n,thon g\u1ecdn,t\u00ednh th\u1ea9m m\u1ef9 cao.G\u01b0\u01a1ng 2 t\u1ea7ng gi\u00fap gi\u1ea3m t\u1ed1i \u0111a \u0111i\u1ec3m m\u00f9 khi di chuy\u1ec3n<\/p>\n<p>H\u1ec7 th\u1ed1ng \u0111\u00e8n chi\u1ebfu s\u00e1ng halogen tu\u1ed5i th\u1ecd cao,\u0111\u1ed9 s\u00e1ng t\u1ed1t h\u1ed7 tr\u1ee3 t\u1ea7m nh\u00ecn khi \u0111i v\u00e0o ban \u0111\u00eam.<\/p>\n<p>Xe \u0111\u01b0\u1ee3c s\u01a1n nh\u00fang gi\u00fap l\u1edbp s\u01a1n b\u1ec1n b\u1ec9 v\u1edbi th\u1eddi gian.<\/p>\n<figure id=\"attachment_2272\" aria-describedby=\"caption-attachment-2272\" style=\"width: 800px\" class=\"wp-caption aligncenter\"><a href=\"https:\/\/xetai3s.vn\/?product=xe-tai-jac-h200-e5-tai-2-4-tan-thung-dai-3m6\"><img loading=\"lazy\" decoding=\"async\" class=\"wp-image-2272 size-full\" title=\"xe t\u1ea3i jac h200 e5\" src=\"https:\/\/xetai3s.vn\/wp-content\/uploads\/2024\/12\/z6167228790044_5259a5f8f093258aff5b841d84c2afb9_optimized.jpg\" alt=\"Xe jac h200\" width=\"800\" height=\"600\" srcset=\"https:\/\/xetai3s.vn\/wp-content\/uploads\/2024\/12\/z6167228790044_5259a5f8f093258aff5b841d84c2afb9_optimized.jpg 800w, https:\/\/xetai3s.vn\/wp-content\/uploads\/2024\/12\/z6167228790044_5259a5f8f093258aff5b841d84c2afb9_optimized-300x225.jpg 300w, https:\/\/xetai3s.vn\/wp-content\/uploads\/2024\/12\/z6167228790044_5259a5f8f093258aff5b841d84c2afb9_optimized-768x576.jpg 768w\" sizes=\"(max-width: 800px) 100vw, 800px\" \/><\/a><figcaption id=\"caption-attachment-2272\" class=\"wp-caption-text\">H\u00ecnh \u1ea3nh: Xe t\u1ea3i Jac t\u1ea3i 1 t\u1ea5n 9 m\u00e1y wanchai<\/figcaption><\/figure>\n<figure id=\"attachment_2273\" aria-describedby=\"caption-attachment-2273\" style=\"width: 800px\" class=\"wp-caption aligncenter\"><a href=\"https:\/\/xetai3s.vn\/?product=xe-tai-jac-h200-e5-tai-2-4-tan-thung-dai-3m6\"><img loading=\"lazy\" decoding=\"async\" class=\"wp-image-2273 size-full\" title=\"jac h200 e5 th\u00f9ng b\u1ea1t\" src=\"https:\/\/xetai3s.vn\/wp-content\/uploads\/2024\/12\/z6167229093502_e2a6b4411174df5479e687f4b7193fe4_optimized.jpg\" alt=\"xe t\u1ea3i jac h200 E5\" width=\"800\" height=\"600\" srcset=\"https:\/\/xetai3s.vn\/wp-content\/uploads\/2024\/12\/z6167229093502_e2a6b4411174df5479e687f4b7193fe4_optimized.jpg 800w, https:\/\/xetai3s.vn\/wp-content\/uploads\/2024\/12\/z6167229093502_e2a6b4411174df5479e687f4b7193fe4_optimized-300x225.jpg 300w, https:\/\/xetai3s.vn\/wp-content\/uploads\/2024\/12\/z6167229093502_e2a6b4411174df5479e687f4b7193fe4_optimized-768x576.jpg 768w\" sizes=\"(max-width: 800px) 100vw, 800px\" \/><\/a><figcaption id=\"caption-attachment-2273\" class=\"wp-caption-text\">H\u00ecnh \u1ea3nh: Xe t\u1ea3i Jac 1 t\u1ea5n 9 m\u00e0u xanh th\u00f9ng mui b\u1ea1t<\/figcaption><\/figure>\n<p style=\"text-align: center;\"><span style=\"color: #0000ff;\"><strong>K\u00edch th\u01b0\u1edbc l\u1ecdt l\u00f2ng th\u00f9ng b\u1ea1t:3.800*1.740*680\/1.840 mm<\/strong><\/span><\/p>\n<figure id=\"attachment_2274\" aria-describedby=\"caption-attachment-2274\" style=\"width: 800px\" class=\"wp-caption aligncenter\"><a href=\"https:\/\/xetai3s.vn\/?product=xe-tai-jac-h200-e5-tai-2-4-tan-thung-dai-3m6\"><img loading=\"lazy\" decoding=\"async\" class=\"wp-image-2274 size-full\" title=\"jac h200 e5 t\u1ea3i 1.9 t\u1ea5n th\u00f9ng k\u00edn 3m8\" src=\"https:\/\/xetai3s.vn\/wp-content\/uploads\/2024\/12\/z6167228991579_c676edf4220371d4e1f8ea34fb139362_optimized.jpg\" alt=\"xe t\u1ea3i jac \" width=\"800\" height=\"600\" srcset=\"https:\/\/xetai3s.vn\/wp-content\/uploads\/2024\/12\/z6167228991579_c676edf4220371d4e1f8ea34fb139362_optimized.jpg 800w, https:\/\/xetai3s.vn\/wp-content\/uploads\/2024\/12\/z6167228991579_c676edf4220371d4e1f8ea34fb139362_optimized-300x225.jpg 300w, https:\/\/xetai3s.vn\/wp-content\/uploads\/2024\/12\/z6167228991579_c676edf4220371d4e1f8ea34fb139362_optimized-768x576.jpg 768w\" sizes=\"(max-width: 800px) 100vw, 800px\" \/><\/a><figcaption id=\"caption-attachment-2274\" class=\"wp-caption-text\">H\u00ecnh \u1ea3nh: Xe t\u1ea3i Jac 1 t\u1ea5n 9 Th\u00f9ng k\u00edn 3m8<\/figcaption><\/figure>\n<p style=\"text-align: center;\"><span style=\"color: #0000ff;\"><strong>K\u00edch th\u01b0\u1edbc th\u00f9ng k\u00edn l\u1ecdt l\u00f2ng th\u00f9ng:3.800*1.790*1.840 mm<\/strong><\/span><\/p>\n<figure id=\"attachment_2275\" aria-describedby=\"caption-attachment-2275\" style=\"width: 800px\" class=\"wp-caption aligncenter\"><img loading=\"lazy\" decoding=\"async\" class=\"wp-image-2275 size-full\" title=\"N\u1ed9i th\u1ea5t Xe t\u1ea3i jac\" src=\"https:\/\/xetai3s.vn\/wp-content\/uploads\/2024\/12\/z6167228956615_d030e07c918aeaf00fbef272ab815cde_optimized.jpg\" alt=\"N\u1ed9i th\u1ea5t xe\" width=\"800\" height=\"600\" srcset=\"https:\/\/xetai3s.vn\/wp-content\/uploads\/2024\/12\/z6167228956615_d030e07c918aeaf00fbef272ab815cde_optimized.jpg 800w, https:\/\/xetai3s.vn\/wp-content\/uploads\/2024\/12\/z6167228956615_d030e07c918aeaf00fbef272ab815cde_optimized-300x225.jpg 300w, https:\/\/xetai3s.vn\/wp-content\/uploads\/2024\/12\/z6167228956615_d030e07c918aeaf00fbef272ab815cde_optimized-768x576.jpg 768w\" sizes=\"(max-width: 800px) 100vw, 800px\" \/><figcaption id=\"caption-attachment-2275\" class=\"wp-caption-text\">H\u00ecnh \u1ea3nh: N\u1ed9i th\u1ea5t xe t\u1ea3i Jac 1 t\u1ea5n 9<\/figcaption><\/figure>\n<p>N\u1ed9i th\u1ea5t <strong>Jac H200<\/strong> trang b\u1ecb v\u00f4 l\u0103ng 4 ch\u1ea5u v\u00f4 c\u00f9ng ch\u1eafc ch\u1eafn tr\u1ee3 l\u1ef1c \u0111i\u1ec7n, cho c\u1ea3m gi\u00e1c l\u00e1i \u0111\u1eb1m tay,\u0111\u1ed3ng h\u1ed3 tap l\u00f4 hi\u1ec3n th\u1ecb th\u00f4ng tin b\u1eb1ng \u0111i\u1ec7n t\u1eed.<\/p>\n<p>Xe trang b\u1ecb m\u00e1y l\u1ea1nh 2 chi\u1ec1u l\u00e0m l\u1ea1nh c\u1ef1c nhanh,m\u1ed3i thu\u1ed1c,radio,2 ch\u00eca kh\u00f3a remod l\u1ed1c c\u1ee7a t\u1eeb xa.<\/p>\n<p>Gh\u1ebf da cao c\u1ea5p s\u1eb5n theo xe,ch\u1ea5t nh\u1ef1a b\u00ean ctrong cabin xe l\u00e0m b\u1eb1ng nh\u1ef1a cao c\u1ea5p<\/p>\n<p>Xe Jac H200 c\u00f3 5 c\u1ea5p s\u1ed1 ti\u1ebfn v\u00e0 m\u1ed9t s\u1ed1 l\u00f9i,c\u00f4n s\u1ed1 \u00eam \u00e1i v\u00e0 nh\u1eb9.<\/p>\n<h2><span style=\"color: #0000ff; font-size: 75%;\"><strong>\u0110\u1ed9ng C\u01a1 Xe T\u1ea3i Jac H200 E5<\/strong><\/span><\/h2>\n<figure id=\"attachment_2276\" aria-describedby=\"caption-attachment-2276\" style=\"width: 800px\" class=\"wp-caption aligncenter\"><img loading=\"lazy\" decoding=\"async\" class=\"wp-image-2276 size-full\" title=\"\u0110\u1ed9ng c\u01a1 Wanchai Jac H200\" src=\"https:\/\/xetai3s.vn\/wp-content\/uploads\/2024\/12\/z6167229030946_764cc9517692e1fea6b3eaefa14260cc_optimized.jpg\" alt=\"\u0111\u1ed9ng c\u01a1 xe \" width=\"800\" height=\"600\" srcset=\"https:\/\/xetai3s.vn\/wp-content\/uploads\/2024\/12\/z6167229030946_764cc9517692e1fea6b3eaefa14260cc_optimized.jpg 800w, https:\/\/xetai3s.vn\/wp-content\/uploads\/2024\/12\/z6167229030946_764cc9517692e1fea6b3eaefa14260cc_optimized-300x225.jpg 300w, https:\/\/xetai3s.vn\/wp-content\/uploads\/2024\/12\/z6167229030946_764cc9517692e1fea6b3eaefa14260cc_optimized-768x576.jpg 768w\" sizes=\"(max-width: 800px) 100vw, 800px\" \/><figcaption id=\"caption-attachment-2276\" class=\"wp-caption-text\">H\u00ecnh \u1ea3nh: \u0110\u1ed9ng c\u01a1 Quanchai m\u00e1y 2.5L,Ti\u1ebft ki\u1ec7m nhi\u00ean li\u1ec7u.kh\u1ecfe.<\/figcaption><\/figure>\n<p>\u0110\u1ed9ng c\u01a1 <strong>xe Jac H200<\/strong> trang b\u1ecb \u0111\u1ed9ng c\u01a1 Wanchai dung t\u00edch 2.5L v\u00f4 c\u00f9ng ti\u1ebft ki\u1ec7m nhi\u00ean li\u1ec7u ch\u1ec9 8-9L\/100km.<\/p>\n<p>M\u00e1y n\u1ed5 \u00eam \u00e1i v\u1eadn h\u00e0nh tr\u01a1n tru,kh\u1ea3 n\u0103ng k\u00e9o t\u1ea3i kh\u1ecfe \u0111\u00e1p \u1ee9ng t\u1ed1t nhu c\u1ea7u c\u1ee7a ng\u01b0\u1eddi s\u1eed d\u1ee5ng v\u1eadn chuy\u1ec3n h\u00e0ng h\u00f3a.<\/p>\n<h2><span style=\"font-size: 75%;\"><strong><span style=\"color: #0000ff;\">Th\u00f4ng S\u1ed1 K\u1ef9 Thu\u1eadt Xe:<\/span><\/strong><\/span><\/h2>\n<p><strong>Xe t\u1ea3i JAC H200<\/strong> l\u00e0 d\u00f2ng xe t\u1ea3i nh\u1eb9 v\u1edbi t\u1ea3i tr\u1ecdng 1.9 t\u1ea5n, \u0111\u01b0\u1ee3c thi\u1ebft k\u1ebf \u0111\u1ec3 v\u1eadn chuy\u1ec3n h\u00e0ng h\u00f3a trong \u0111\u00f4 th\u1ecb v\u00e0 c\u00e1c khu v\u1ef1c c\u00f3 h\u1ea1 t\u1ea7ng giao th\u00f4ng h\u1ea1n ch\u1ebf. D\u01b0\u1edbi \u0111\u00e2y l\u00e0 c\u00e1c th\u00f4ng s\u1ed1 k\u1ef9 thu\u1eadt ch\u00ednh c\u1ee7a xe:<\/p>\n<div>\u0110\u1ed9ng c\u01a1:<\/div>\n<div><\/div>\n<div>Lo\u1ea1i \u0111\u1ed9ng c\u01a1: Quanchai Euro 5, 4 k\u1ef3, 4 xi lanh th\u1eb3ng h\u00e0ng, l\u00e0m m\u00e1t b\u1eb1ng n\u01b0\u1edbc, c\u00f3 turbo t\u0103ng \u00e1p.<\/div>\n<div>Dung t\u00edch xi lanh: 2510 cc<\/div>\n<div>C\u00f4ng su\u1ea5t c\u1ef1c \u0111\u1ea1i: 95 kW t\u1ea1i 3.200 v\u00f2ng\/ph\u00fat.<\/div>\n<div>M\u00f4-men xo\u1eafn c\u1ef1c \u0111\u1ea1i: 220 Nm t\u1ea1i 2.300 v\u00f2ng\/ph\u00fat.<\/div>\n<div>Ti\u00eau th\u1ee5 nhi\u00ean li\u1ec7u trung b\u00ecnh: 8 l\u00edt\/100 km.<\/div>\n<div><\/div>\n<div>T\u1ea3i tr\u1ecdng cho ph\u00e9p ch\u1edf: 1.995 kg.<\/div>\n<div>T\u1ed5ng tr\u1ecdng l\u01b0\u1ee3ng: 4.995 kg.<\/div>\n<div><\/div>\n<div>H\u1ec7 th\u1ed1ng truy\u1ec1n \u0111\u1ed9ng<\/div>\n<div>H\u1ed9p s\u1ed1: 5 s\u1ed1 ti\u1ebfn, 1 s\u1ed1 l\u00f9i.<\/div>\n<div>L\u1ed1p tr\u01b0\u1edbc\/sau: 7.00 \u2013 16 \/ 7.00 \u2013 16.<\/div>\n<div>H\u1ec7 th\u1ed1ng phanh:<\/div>\n<div>Phanh tr\u01b0\u1edbc\/sau: Tang tr\u1ed1ng, d\u1eabn \u0111\u1ed9ng th\u1ee7y l\u1ef1c, tr\u1ee3 l\u1ef1c ch\u00e2n kh\u00f4ng.<\/div>\n<div><\/div>\n<div>\n<p><strong><span style=\"color: #ff6600;\"><em>G\u00eda xe t\u1ea3i Jac H200 e5 ni\u00eam i\u1ebft:<\/em><\/span><\/strong><\/p>\n<ul>\n<li>Th\u00f9ng mui b\u1ea1t: <strong>380.160.000 tr<\/strong> (ch\u01b0a c\u00f3 ch\u01b0\u01a1ng tr\u00ecnh khuy\u1ebfn m\u00e3i)<\/li>\n<li>Th\u00f9ng k\u00edn: <strong>383.400.000 tr<\/strong> (ch\u01b0a c\u00f3 ch\u01b0\u01a1ng tr\u00ecnh khuy\u1ebfn m\u00e3i)<\/li>\n<\/ul>\n<p><a href=\"https:\/\/xetai3s.vn\/?product=xe-tai-jac-h250-e5-tai-2-5-tan-thung-dai-3m6-gia-re\">Xem th\u00eam xe t\u1ea3i Jac H250 E5<\/a><\/p>\n<\/div>\n<p><strong><span style=\"color: #0000ff;\">TH\u00d4NG TIN LI\u00caN H\u1ec6<\/span><\/strong><\/p>\n<ul>\n<li>H\u1ed7 tr\u1ee3 tr\u1ea3 g\u00f3p 75-80% gi\u00e1 tr\u1ecb xe<\/li>\n<li>H\u1ed3 s\u01a1 th\u1ee7 t\u1ee5c nhanh ch\u00f3ng<\/li>\n<li>Th\u1eddi gian b\u1ea3o h\u00e0nh l\u00e2u<\/li>\n<li>Nhi\u1ec1u ph\u1ea7n qu\u00e0 h\u1ea5p d\u1eabn khi mua xe<\/li>\n<\/ul>\n<p style=\"text-align: center;\"><span style=\"color: #0000ff; font-size: 120%;\"><em><strong>LI\u00caN H\u1ec6 0902.904.964 MR S\u01a0N T\u01af V\u1ea4N V\u00c0 B\u00c1O GI\u00c1 CHI TI\u1ebeT!<\/strong><\/em><\/span><\/p>\n<p style=\"text-align: center;\"><em><strong>\u0110\u1ecba ch\u1ec9: S\u1ed1 20\/3 \u0110LBD,P V\u0129nh Ph\u00fa,Tp Thu\u1eadn An,B\u00ecnh D\u01b0\u01a1ng.<\/strong><\/em><\/p>\n","protected":false},"excerpt":{"rendered":"<p>Xe t\u1ea3i Jac H200 e5 l\u00e0 s\u1ea3n ph\u1ea9m xe t\u1ea3i ph\u00e2n kh\u00fac v\u00e0o th\u00e0nh ph\u1ed1 v\u1edbi t\u1ea3i tr\u1ecdng 2 t\u1ea5n 4.Chuy\u1ec3n ch\u1edf h\u00e0ng ra v\u00e0o th\u00e0nh ph\u1ed1,nh\u1eb1m \u0111\u00e1p \u1ee9ng nhu c\u1ea7u c\u1ee7a kh\u00e1ch h\u00e0ng.<\/p>\n","protected":false},"featured_media":2274,"template":"","meta":[],"class_list":{"0":"post-2269","1":"product","2":"type-product","3":"status-publish","4":"has-post-thumbnail","6":"product_cat-xe-tai-nhe","7":"product_tag-gia-jac-h200","8":"product_tag-jac-1-tan-9","9":"product_tag-jac-1-9-tan","10":"product_tag-jac-h200","11":"product_tag-jac-h200-e5","12":"product_tag-xe-jac-h200","13":"product_tag-xe-tai-jac-h200","15":"first","16":"instock","17":"shipping-taxable","18":"product-type-simple"},"yoast_head":"<!-- This site is optimized with the Yoast SEO plugin v23.2 - https:\/\/yoast.com\/wordpress\/plugins\/seo\/ -->\n<title>XE T\u1ea2I JAC H200 E5 T\u1ea2I 1.9 T\u1ea4N TH\u00d9NG D\u00c0I 3M8-tr\u1ea3 tr\u01b0\u1edbc 90tr -<\/title>\n<meta name=\"description\" content=\"Xe t\u1ea3i Jac H200 e5 t\u1ea3i tr\u1ecdng 2 t\u1ea5n 4 th\u00f9ng d\u00e0i 3m6 l\u00e0 s\u1ea3n ph\u1ea9m m\u1edbi xe v\u00e0o th\u00e0nh ph\u1ed1 \u0111\u01b0\u1ee3c ra m\u1eaft 2025.S\u1ea3n ph\u1ea9m \u0111\u01b0\u1ee3c kh\u00e1ch h\u00e0ng \u0111\u00e1nh gi\u00e1 5\u2b50\u2b50\u2b50\u2b50\u2b50(1)\" \/>\n<meta name=\"robots\" content=\"index, follow, max-snippet:-1, max-image-preview:large, max-video-preview:-1\" \/>\n<link rel=\"canonical\" href=\"https:\/\/xetai3s.vn\/?product=xe-tai-jac-h200-e5-tai-1-9-tan-thung-dai-3m8\" \/>\n<meta property=\"og:locale\" content=\"vi_VN\" \/>\n<meta property=\"og:type\" content=\"article\" \/>\n<meta property=\"og:title\" content=\"XE T\u1ea2I JAC H200 E5 T\u1ea2I 1.9 T\u1ea4N TH\u00d9NG D\u00c0I 3M8-tr\u1ea3 tr\u01b0\u1edbc 90tr -\" \/>\n<meta property=\"og:description\" content=\"Xe t\u1ea3i Jac H200 e5 t\u1ea3i tr\u1ecdng 2 t\u1ea5n 4 th\u00f9ng d\u00e0i 3m6 l\u00e0 s\u1ea3n ph\u1ea9m m\u1edbi xe v\u00e0o th\u00e0nh ph\u1ed1 \u0111\u01b0\u1ee3c ra m\u1eaft 2025.S\u1ea3n ph\u1ea9m \u0111\u01b0\u1ee3c kh\u00e1ch h\u00e0ng \u0111\u00e1nh gi\u00e1 5\u2b50\u2b50\u2b50\u2b50\u2b50(1)\" \/>\n<meta property=\"og:url\" content=\"https:\/\/xetai3s.vn\/?product=xe-tai-jac-h200-e5-tai-1-9-tan-thung-dai-3m8\" \/>\n<meta property=\"article:modified_time\" content=\"2025-03-25T23:43:08+00:00\" \/>\n<meta property=\"og:image\" content=\"https:\/\/xetai3s.vn\/wp-content\/uploads\/2024\/12\/z6167228991579_c676edf4220371d4e1f8ea34fb139362_optimized.jpg\" \/>\n\t<meta property=\"og:image:width\" content=\"800\" \/>\n\t<meta property=\"og:image:height\" content=\"600\" \/>\n\t<meta property=\"og:image:type\" content=\"image\/jpeg\" \/>\n<meta name=\"twitter:card\" content=\"summary_large_image\" \/>\n<meta name=\"twitter:label1\" content=\"Gi\u00e1\" \/>\n\t<meta name=\"twitter:data1\" content=\"\" \/>\n\t<meta name=\"twitter:label2\" content=\"Kh\u1ea3 d\u1ee5ng\" \/>\n\t<meta name=\"twitter:data2\" content=\"Trong kho\" \/>\n<script type=\"application\/ld+json\" class=\"yoast-schema-graph\">{\"@context\":\"https:\/\/schema.org\",\"@graph\":[{\"@type\":\"WebPage\",\"@id\":\"https:\/\/xetai3s.vn\/?product=xe-tai-jac-h200-e5-tai-1-9-tan-thung-dai-3m8\",\"url\":\"https:\/\/xetai3s.vn\/?product=xe-tai-jac-h200-e5-tai-1-9-tan-thung-dai-3m8\",\"name\":\"XE T\u1ea2I JAC H200 E5 T\u1ea2I 1.9 T\u1ea4N TH\u00d9NG D\u00c0I 3M8-tr\u1ea3 tr\u01b0\u1edbc 90tr -\",\"isPartOf\":{\"@id\":\"https:\/\/xetai3s.vn\/#website\"},\"primaryImageOfPage\":{\"@id\":\"https:\/\/xetai3s.vn\/?product=xe-tai-jac-h200-e5-tai-1-9-tan-thung-dai-3m8#primaryimage\"},\"image\":{\"@id\":\"https:\/\/xetai3s.vn\/?product=xe-tai-jac-h200-e5-tai-1-9-tan-thung-dai-3m8#primaryimage\"},\"thumbnailUrl\":\"https:\/\/xetai3s.vn\/wp-content\/uploads\/2024\/12\/z6167228991579_c676edf4220371d4e1f8ea34fb139362_optimized.jpg\",\"datePublished\":\"2024-12-26T04:24:07+00:00\",\"dateModified\":\"2025-03-25T23:43:08+00:00\",\"description\":\"Xe t\u1ea3i Jac H200 e5 t\u1ea3i tr\u1ecdng 2 t\u1ea5n 4 th\u00f9ng d\u00e0i 3m6 l\u00e0 s\u1ea3n ph\u1ea9m m\u1edbi xe v\u00e0o th\u00e0nh ph\u1ed1 \u0111\u01b0\u1ee3c ra m\u1eaft 2025.S\u1ea3n ph\u1ea9m \u0111\u01b0\u1ee3c kh\u00e1ch h\u00e0ng \u0111\u00e1nh gi\u00e1 5\u2b50\u2b50\u2b50\u2b50\u2b50(1)\",\"breadcrumb\":{\"@id\":\"https:\/\/xetai3s.vn\/?product=xe-tai-jac-h200-e5-tai-1-9-tan-thung-dai-3m8#breadcrumb\"},\"inLanguage\":\"vi\",\"potentialAction\":[{\"@type\":\"ReadAction\",\"target\":[\"https:\/\/xetai3s.vn\/?product=xe-tai-jac-h200-e5-tai-1-9-tan-thung-dai-3m8\"]}]},{\"@type\":\"ImageObject\",\"inLanguage\":\"vi\",\"@id\":\"https:\/\/xetai3s.vn\/?product=xe-tai-jac-h200-e5-tai-1-9-tan-thung-dai-3m8#primaryimage\",\"url\":\"https:\/\/xetai3s.vn\/wp-content\/uploads\/2024\/12\/z6167228991579_c676edf4220371d4e1f8ea34fb139362_optimized.jpg\",\"contentUrl\":\"https:\/\/xetai3s.vn\/wp-content\/uploads\/2024\/12\/z6167228991579_c676edf4220371d4e1f8ea34fb139362_optimized.jpg\",\"width\":800,\"height\":600,\"caption\":\"H\u00ecnh \u1ea3nh: Xe t\u1ea3i Jac H200 Th\u00f9ng k\u00edn 3m6 t\u1ea3i 2 t\u1ea5n 4\"},{\"@type\":\"BreadcrumbList\",\"@id\":\"https:\/\/xetai3s.vn\/?product=xe-tai-jac-h200-e5-tai-1-9-tan-thung-dai-3m8#breadcrumb\",\"itemListElement\":[{\"@type\":\"ListItem\",\"position\":1,\"name\":\"Trang ch\u1ee7\",\"item\":\"https:\/\/xetai3s.vn\/\"},{\"@type\":\"ListItem\",\"position\":2,\"name\":\"C\u1eeda h\u00e0ng\",\"item\":\"https:\/\/xetai3s.vn\/?page_id=16\"},{\"@type\":\"ListItem\",\"position\":3,\"name\":\"XE T\u1ea2I JAC H200 E5 T\u1ea2I 1.9 T\u1ea4N TH\u00d9NG D\u00c0I 3M8-tr\u1ea3 tr\u01b0\u1edbc 90tr\"}]},{\"@type\":\"WebSite\",\"@id\":\"https:\/\/xetai3s.vn\/#website\",\"url\":\"https:\/\/xetai3s.vn\/\",\"name\":\"\",\"description\":\"Xe T\u1ea3i Jac\",\"potentialAction\":[{\"@type\":\"SearchAction\",\"target\":{\"@type\":\"EntryPoint\",\"urlTemplate\":\"https:\/\/xetai3s.vn\/?s={search_term_string}\"},\"query-input\":\"required name=search_term_string\"}],\"inLanguage\":\"vi\"}]}<\/script>\n<meta property=\"product:price:amount\" content=\"0\" \/>\n<meta property=\"product:price:currency\" content=\"VND\" \/>\n<meta property=\"og:availability\" content=\"instock\" \/>\n<meta property=\"product:availability\" content=\"instock\" \/>\n<meta property=\"product:condition\" content=\"new\" \/>\n<!-- \/ Yoast SEO plugin. -->","yoast_head_json":{"title":"XE T\u1ea2I JAC H200 E5 T\u1ea2I 1.9 T\u1ea4N TH\u00d9NG D\u00c0I 3M8-tr\u1ea3 tr\u01b0\u1edbc 90tr -","description":"Xe t\u1ea3i Jac H200 e5 t\u1ea3i tr\u1ecdng 2 t\u1ea5n 4 th\u00f9ng d\u00e0i 3m6 l\u00e0 s\u1ea3n ph\u1ea9m m\u1edbi xe v\u00e0o th\u00e0nh ph\u1ed1 \u0111\u01b0\u1ee3c ra m\u1eaft 2025.S\u1ea3n ph\u1ea9m \u0111\u01b0\u1ee3c kh\u00e1ch h\u00e0ng \u0111\u00e1nh gi\u00e1 5\u2b50\u2b50\u2b50\u2b50\u2b50(1)","robots":{"index":"index","follow":"follow","max-snippet":"max-snippet:-1","max-image-preview":"max-image-preview:large","max-video-preview":"max-video-preview:-1"},"canonical":"https:\/\/xetai3s.vn\/?product=xe-tai-jac-h200-e5-tai-1-9-tan-thung-dai-3m8","og_locale":"vi_VN","og_type":"article","og_title":"XE T\u1ea2I JAC H200 E5 T\u1ea2I 1.9 T\u1ea4N TH\u00d9NG D\u00c0I 3M8-tr\u1ea3 tr\u01b0\u1edbc 90tr -","og_description":"Xe t\u1ea3i Jac H200 e5 t\u1ea3i tr\u1ecdng 2 t\u1ea5n 4 th\u00f9ng d\u00e0i 3m6 l\u00e0 s\u1ea3n ph\u1ea9m m\u1edbi xe v\u00e0o th\u00e0nh ph\u1ed1 \u0111\u01b0\u1ee3c ra m\u1eaft 2025.S\u1ea3n ph\u1ea9m \u0111\u01b0\u1ee3c kh\u00e1ch h\u00e0ng \u0111\u00e1nh gi\u00e1 5\u2b50\u2b50\u2b50\u2b50\u2b50(1)","og_url":"https:\/\/xetai3s.vn\/?product=xe-tai-jac-h200-e5-tai-1-9-tan-thung-dai-3m8","article_modified_time":"2025-03-25T23:43:08+00:00","og_image":[{"width":800,"height":600,"url":"https:\/\/xetai3s.vn\/wp-content\/uploads\/2024\/12\/z6167228991579_c676edf4220371d4e1f8ea34fb139362_optimized.jpg","type":"image\/jpeg"}],"twitter_card":"summary_large_image","twitter_misc":{"Gi\u00e1":"","Kh\u1ea3 d\u1ee5ng":"Trong kho"},"schema":{"@context":"https:\/\/schema.org","@graph":[{"@type":"WebPage","@id":"https:\/\/xetai3s.vn\/?product=xe-tai-jac-h200-e5-tai-1-9-tan-thung-dai-3m8","url":"https:\/\/xetai3s.vn\/?product=xe-tai-jac-h200-e5-tai-1-9-tan-thung-dai-3m8","name":"XE T\u1ea2I JAC H200 E5 T\u1ea2I 1.9 T\u1ea4N TH\u00d9NG D\u00c0I 3M8-tr\u1ea3 tr\u01b0\u1edbc 90tr -","isPartOf":{"@id":"https:\/\/xetai3s.vn\/#website"},"primaryImageOfPage":{"@id":"https:\/\/xetai3s.vn\/?product=xe-tai-jac-h200-e5-tai-1-9-tan-thung-dai-3m8#primaryimage"},"image":{"@id":"https:\/\/xetai3s.vn\/?product=xe-tai-jac-h200-e5-tai-1-9-tan-thung-dai-3m8#primaryimage"},"thumbnailUrl":"https:\/\/xetai3s.vn\/wp-content\/uploads\/2024\/12\/z6167228991579_c676edf4220371d4e1f8ea34fb139362_optimized.jpg","datePublished":"2024-12-26T04:24:07+00:00","dateModified":"2025-03-25T23:43:08+00:00","description":"Xe t\u1ea3i Jac H200 e5 t\u1ea3i tr\u1ecdng 2 t\u1ea5n 4 th\u00f9ng d\u00e0i 3m6 l\u00e0 s\u1ea3n ph\u1ea9m m\u1edbi xe v\u00e0o th\u00e0nh ph\u1ed1 \u0111\u01b0\u1ee3c ra m\u1eaft 2025.S\u1ea3n ph\u1ea9m \u0111\u01b0\u1ee3c kh\u00e1ch h\u00e0ng \u0111\u00e1nh gi\u00e1 5\u2b50\u2b50\u2b50\u2b50\u2b50(1)","breadcrumb":{"@id":"https:\/\/xetai3s.vn\/?product=xe-tai-jac-h200-e5-tai-1-9-tan-thung-dai-3m8#breadcrumb"},"inLanguage":"vi","potentialAction":[{"@type":"ReadAction","target":["https:\/\/xetai3s.vn\/?product=xe-tai-jac-h200-e5-tai-1-9-tan-thung-dai-3m8"]}]},{"@type":"ImageObject","inLanguage":"vi","@id":"https:\/\/xetai3s.vn\/?product=xe-tai-jac-h200-e5-tai-1-9-tan-thung-dai-3m8#primaryimage","url":"https:\/\/xetai3s.vn\/wp-content\/uploads\/2024\/12\/z6167228991579_c676edf4220371d4e1f8ea34fb139362_optimized.jpg","contentUrl":"https:\/\/xetai3s.vn\/wp-content\/uploads\/2024\/12\/z6167228991579_c676edf4220371d4e1f8ea34fb139362_optimized.jpg","width":800,"height":600,"caption":"H\u00ecnh \u1ea3nh: Xe t\u1ea3i Jac H200 Th\u00f9ng k\u00edn 3m6 t\u1ea3i 2 t\u1ea5n 4"},{"@type":"BreadcrumbList","@id":"https:\/\/xetai3s.vn\/?product=xe-tai-jac-h200-e5-tai-1-9-tan-thung-dai-3m8#breadcrumb","itemListElement":[{"@type":"ListItem","position":1,"name":"Trang ch\u1ee7","item":"https:\/\/xetai3s.vn\/"},{"@type":"ListItem","position":2,"name":"C\u1eeda h\u00e0ng","item":"https:\/\/xetai3s.vn\/?page_id=16"},{"@type":"ListItem","position":3,"name":"XE T\u1ea2I JAC H200 E5 T\u1ea2I 1.9 T\u1ea4N TH\u00d9NG D\u00c0I 3M8-tr\u1ea3 tr\u01b0\u1edbc 90tr"}]},{"@type":"WebSite","@id":"https:\/\/xetai3s.vn\/#website","url":"https:\/\/xetai3s.vn\/","name":"","description":"Xe T\u1ea3i Jac","potentialAction":[{"@type":"SearchAction","target":{"@type":"EntryPoint","urlTemplate":"https:\/\/xetai3s.vn\/?s={search_term_string}"},"query-input":"required name=search_term_string"}],"inLanguage":"vi"}]},"product_price_currency":"VND","og_availability":"instock","product_availability":"instock","product_condition":"new"},"_links":{"self":[{"href":"https:\/\/xetai3s.vn\/index.php?rest_route=\/wp\/v2\/product\/2269"}],"collection":[{"href":"https:\/\/xetai3s.vn\/index.php?rest_route=\/wp\/v2\/product"}],"about":[{"href":"https:\/\/xetai3s.vn\/index.php?rest_route=\/wp\/v2\/types\/product"}],"wp:featuredmedia":[{"embeddable":true,"href":"https:\/\/xetai3s.vn\/index.php?rest_route=\/wp\/v2\/media\/2274"}],"wp:attachment":[{"href":"https:\/\/xetai3s.vn\/index.php?rest_route=%2Fwp%2Fv2%2Fmedia&parent=2269"}],"curies":[{"name":"wp","href":"https:\/\/api.w.org\/{rel}","templated":true}]}}