{"id":2101,"date":"2024-07-19T14:38:38","date_gmt":"2024-07-19T07:38:38","guid":{"rendered":"https:\/\/xetai3s.vn\/?post_type=product&#038;p=2101"},"modified":"2025-02-20T05:19:08","modified_gmt":"2025-02-19T22:19:08","slug":"xe-tai-jac-n200-e5-tai-1-9-tan-thung-dai-4m3","status":"publish","type":"product","link":"https:\/\/xetai3s.vn\/?product=xe-tai-jac-n200-e5-tai-1-9-tan-thung-dai-4m3","title":{"rendered":"XE T\u1ea2I JAC N200 E5 T\u1ea2I 1.9 T\u1ea4N TH\u00d9NG D\u00c0I 4M3"},"content":{"rendered":"<h1 style=\"text-align: center;\"><strong><span style=\"color: #0000ff;\">XE T\u1ea2I JAC N200 E5 T\u1ea2I TR\u1eccNG 1.9 T\u1ea4N TH\u00d9NG 4M3<\/span><\/strong><\/h1>\n<hr \/>\n<p><strong>Xe t\u1ea3i Jac N200 E5<\/strong> l\u00e0 s\u1ea3n ph\u1ea9m xe t\u1ea3i <strong>1 t\u1ea5n 9<\/strong> m\u1edbi nh\u1ea5t.\u0110\u01b0\u1ee3c l\u1eafp r\u00e1p tr\u00ean d\u00e2y chuy\u1ec1n c\u00f4ng ngh\u1ec7 hi\u1ec7n \u0111\u1ea1i m\u1edbi nh\u1ea5t,\u0111ang \u0111\u01b0\u1ee3c kh\u00e1ch h\u00e0ng \u0111\u00e1nh gi\u00e1, tin d\u00f9ng cao v\u1ec1 ch\u1ea5t l\u01b0\u1ee3ng,kh\u1ea3 n\u0103ng chuy\u1ec3n ch\u1edf linh ho\u1ea1t,v\u1eadn h\u00e0nh \u00eam \u00e1i,ti\u1ebft ki\u1ec7m nhi\u00ean li\u1ec7u.<\/p>\n<p><strong><span style=\"color: #ff6600;\">L\u00ed do t\u1ea1i sao n\u00ean mua Jac N200 E5 t\u1ea3i tr\u1ecdng 1 t\u1ea5n 9 th\u00f9ng d\u00e0i 4m3?<\/span><\/strong><\/p>\n<figure id=\"attachment_2103\" aria-describedby=\"caption-attachment-2103\" style=\"width: 800px\" class=\"wp-caption aligncenter\"><img loading=\"lazy\" decoding=\"async\" class=\"wp-image-2103\" title=\"jac n200s e5\" src=\"https:\/\/xetai3s.vn\/wp-content\/uploads\/2024\/07\/xe-tai-jac-n200-e5_optimized-e1721373814707.jpg\" alt=\"xe t\u1ea3i jac n200s e5\" width=\"800\" height=\"564\" \/><figcaption id=\"caption-attachment-2103\" class=\"wp-caption-text\">H\u00ecnh \u1ea3nh: Xe t\u1ea3i Jac N200s e5<\/figcaption><\/figure>\n<p>\u0110\u00e0u ti\u00ean ph\u1ea3i n\u00f3i v\u1ec1 l\u1ee3i \u00edch kinh t\u1ebf <strong>Jac N200s E5<\/strong> nhanh thu h\u1ed3i v\u1ed1n,xe v\u00f4 c\u00f9ng ti\u1ebft ki\u1ec7m d\u1ea7u.L\u1ee3i \u00edch kinh t\u1ebf v\u00e0 ch\u1ea5t l\u01b0\u1ee3ng s\u1ea3n ph\u1ea9m t\u1ed1t \u0111ang l\u00e0 ph\u01b0\u01a1ng ch\u00e2m c\u1ee7a Nh\u00e0 m\u00e1y Jac Vi\u1ec7t Nam \u0111\u1ec3 mang \u0111\u1ebfn cho kh\u00e1ch h\u00e0ng s\u1ef1 l\u1ef1a ch\u1ecdn t\u1ed1t nh\u1ea5t.<\/p>\n<p>To\u00e0n b\u1ed9 linh ki\u1ec7n c\u1ee7a JAC 1 t\u1ea5n 9 \u0111\u1ed3ng b\u1ed9 100%,c\u00f3 tem m\u00e3 v\u1ea1ch \u0111\u1ea7y \u0111\u1ee7,nh\u1eadp kh\u1ea9u t\u1eeb Jac Motor Trung Qu\u1ed1c.<\/p>\n<p>H\u00f5 tr\u1ee3 vay v\u1ed1n 75-80% gi\u00e1 tr\u1ecb xe, th\u1ee7 t\u1ee5c nhanh ch\u00f3ng, g\u1ecdn l\u1eb9.<\/p>\n<h2><span style=\"color: #0000ff; font-size: 75%;\"><strong>Ngo\u1ea1i Th\u1ea5t Xe T\u1ea3i Jac N200 E5:<\/strong><\/span><\/h2>\n<figure id=\"attachment_2104\" aria-describedby=\"caption-attachment-2104\" style=\"width: 800px\" class=\"wp-caption aligncenter\"><img loading=\"lazy\" decoding=\"async\" class=\"wp-image-2104 size-full\" title=\"xe t\u1ea3i jac n200 e5\" src=\"https:\/\/xetai3s.vn\/wp-content\/uploads\/2024\/07\/jac-n200-e5_optimized.jpg\" alt=\"jac n200s e5\" width=\"800\" height=\"565\" srcset=\"https:\/\/xetai3s.vn\/wp-content\/uploads\/2024\/07\/jac-n200-e5_optimized.jpg 800w, https:\/\/xetai3s.vn\/wp-content\/uploads\/2024\/07\/jac-n200-e5_optimized-300x212.jpg 300w, https:\/\/xetai3s.vn\/wp-content\/uploads\/2024\/07\/jac-n200-e5_optimized-768x542.jpg 768w\" sizes=\"(max-width: 800px) 100vw, 800px\" \/><figcaption id=\"caption-attachment-2104\" class=\"wp-caption-text\">H\u00ecnh \u1ea3nh: Ngo\u1ea1i th\u1ea5t xe t\u1ea3i jac n200 e5<\/figcaption><\/figure>\n<p>Ngo\u1ea1i th\u1ea5t xe t\u1ea3i jac <strong>n200s e5<\/strong> \u0111\u01b0\u1ee3c trang b\u1ecb cabin vu\u00f4ng r\u1ed9ng r\u00e3i c\u1ee9ng c\u00e1p, H\u1ec7 th\u1ed1ng \u0111\u00e8n led Ch\u1eef C v\u00e0 \u0111\u00e8n chi\u1ebfu s\u00e1ng t\u0103ng \u0111\u1ed9 s\u00e1ng l\u00ean 40% so v\u1edbi tr\u01b0\u1edbc \u0111\u00e2y,ch\u1ebf \u0111\u1ed9 \u0111\u00e8n auto t\u1ef1 s\u00e1ng khi tr\u1eddi t\u1ed1i.<\/p>\n<p>G\u01b0\u01a1ng h\u1ed1p hai t\u1ea7ng v\u00f4 c\u00f9ng ch\u1eafc ch\u1eafn,b\u1ea3n r\u1ed9ng, gi\u1ea3m \u0111i\u1ec3m m\u00f9 cho t\u00e0i x\u1ebf ng\u1ed3i tr\u00ean xe.<\/p>\n<p>M\u1eb7t ga l\u0103ng thi\u1ebft k\u1ebf ki\u1ec3u m\u1edbi nh\u00ecn xe c\u1ee9ng c\u00e1p h\u01a1n.<\/p>\n<h2><span style=\"color: #0000ff; font-size: 75%;\"><strong>N\u1ed9i Th\u1ea5t Xe T\u1ea3i Jac N200 E5:<\/strong><\/span><\/h2>\n<figure id=\"attachment_2105\" aria-describedby=\"caption-attachment-2105\" style=\"width: 800px\" class=\"wp-caption aligncenter\"><img loading=\"lazy\" decoding=\"async\" class=\"wp-image-2105 size-full\" title=\"n\u1ed9i th\u1ea5t xe t\u1ea3i jac n200 e5\" src=\"https:\/\/xetai3s.vn\/wp-content\/uploads\/2024\/07\/noi-that-jac-n200s-e5_optimized.jpg\" alt=\"n\u1ed9i th\u1ea5t\" width=\"800\" height=\"576\" srcset=\"https:\/\/xetai3s.vn\/wp-content\/uploads\/2024\/07\/noi-that-jac-n200s-e5_optimized.jpg 800w, https:\/\/xetai3s.vn\/wp-content\/uploads\/2024\/07\/noi-that-jac-n200s-e5_optimized-300x216.jpg 300w, https:\/\/xetai3s.vn\/wp-content\/uploads\/2024\/07\/noi-that-jac-n200s-e5_optimized-768x553.jpg 768w\" sizes=\"(max-width: 800px) 100vw, 800px\" \/><figcaption id=\"caption-attachment-2105\" class=\"wp-caption-text\">H\u00ecnh \u1ea3nh: N\u1ed9i th\u1ea5t xe t\u1ea3i Jac N200 e5<\/figcaption><\/figure>\n<p>Kh\u00f4ng gian l\u00e1i r\u1ed9ng r\u00e3i, gh\u1ebf t\u00e0i x\u1ebf c\u00f3 th\u1ec3 \u0111i\u1ec1u ch\u1ec9nh v\u00e0 kho\u1ea3ng c\u00e1ch c\u00f3 th\u1ec3 t\u0103ng t\u1eeb 180-216 mm.<br \/>\nB\u00ean trong <strong>cabin Jac N200s E5<\/strong> thi\u1ebft k\u1ebf r\u1ed9ng r\u00e3i, \u0111\u1ee7 ch\u1ed7 03 ng\u01b0\u1eddi ng\u1ed3i.<\/p>\n<p>C\u00e1c n\u00fat \u0111i\u1ec1u khi\u1ec3n ch\u1ee9c n\u0103ng b\u1ed1 tr\u00ed khoa h\u1ecdc n\u1eb1m trong t\u1ea7m v\u1edbi c\u1ee7a tay.<\/p>\n<p>Ch\u00eca kh\u00f3a \u0111i\u1ec1u khi\u1ec3n t\u1eeb xa, k\u00ednh ch\u1ec9nh \u0111i\u1ec7n, h\u1ec7 th\u1ed1ng \u00e2m thanh s\u1ed1ng \u0111\u1ed9ng.<\/p>\n<p>\u0110i\u1ec1u h\u00f2a 2 chi\u1ec1u m\u00e1t l\u1ea1nh,ch\u1ebf \u0111\u1ed9 s\u01b0\u1eddi k\u00ednh,auto b\u1eadt \u0111\u00e8n khi tr\u1eddi t\u1ed1i.<\/p>\n<p>H\u1ec7 th\u1ed1ng chi\u1ebfu s\u00e1ng nh\u1eb1m thu\u1eadn ti\u1ec7n nh\u1ea5t cho ng\u01b0\u1eddi \u0111i\u1ec1u khi\u1ec3n, \u2026.t\u1ea5t c\u1ea3 \u0111\u01b0\u1ee3c thi\u1ebft k\u1ebf nh\u01b0 xe du l\u1ecbch.<\/p>\n<h2><span style=\"font-size: 75%; color: #0000ff;\"><strong>\u0110\u1ed9ng C\u01a1 Xe T\u1ea3I Jac:<\/strong><\/span><\/h2>\n<figure id=\"attachment_2106\" aria-describedby=\"caption-attachment-2106\" style=\"width: 800px\" class=\"wp-caption aligncenter\"><img loading=\"lazy\" decoding=\"async\" class=\"wp-image-2106 size-full\" title=\"\u0111\u1ed9ng c\u01a1 xe t\u1ea3i jac n200 e5\" src=\"https:\/\/xetai3s.vn\/wp-content\/uploads\/2024\/07\/jac-2-tan-2_optimized.jpg\" alt=\"\u0111\u1ed9ng c\u01a1 xe jac\" width=\"800\" height=\"576\" srcset=\"https:\/\/xetai3s.vn\/wp-content\/uploads\/2024\/07\/jac-2-tan-2_optimized.jpg 800w, https:\/\/xetai3s.vn\/wp-content\/uploads\/2024\/07\/jac-2-tan-2_optimized-300x216.jpg 300w, https:\/\/xetai3s.vn\/wp-content\/uploads\/2024\/07\/jac-2-tan-2_optimized-768x553.jpg 768w\" sizes=\"(max-width: 800px) 100vw, 800px\" \/><figcaption id=\"caption-attachment-2106\" class=\"wp-caption-text\">H\u00ecnh \u1ea3nh: \u0110\u1ed9ng c\u01a1 green jet tr\u00ean xe t\u1ea3i jac n200 e5<\/figcaption><\/figure>\n<ul>\n<li><strong>JAC N200 E5<\/strong> trang b\u1ecb \u0111\u1ed9ng c\u01a1 JAC ENGINE HFC4DB3-2D c\u00f4ng ngh\u1ec7 ti\u00ean ti\u1ebfn, th\u00e2n thi\u1ec7n m\u00f4i tr\u01b0\u1eddng.<\/li>\n<li>Lo\u1ea1i \u0111\u1ed9ng c\u01a1: Diesel, 4 k\u1ef3, 4 xylanh th\u1eb3ng h\u00e0ng, l\u00e0m m\u00e1t b\u1eb1ng n\u01b0\u1edbc, t\u0103ng \u00e1p, phun nhi\u00ean li\u1ec7u \u0111i\u1ec7n t\u1eed BOSCH.<\/li>\n<li>H\u1ec7 th\u1ed1ng x\u1eed l\u00fd kh\u00ed th\u1ea3i: B\u1ed9 tu\u1ea7n ho\u00e0n kh\u00ed x\u1ea3 (EGR) + DOC + DPF.<\/li>\n<li>Dung t\u00edch xi lanh: 2183cc.<\/li>\n<li>C\u00f4ng su\u1ea5t c\u1ef1c \u0111\u1ea1i \/ t\u1ed1c \u0111\u1ed9 quay: 95\/3200kW(V\u00f2ng\/ph\u00fat).<\/li>\n<li>M\u1ee9c ti\u00eau hao nhi\u00ean li\u1ec7u ch\u1ec9 9-10l\/100km v\u00f4 c\u00f9ng ti\u1ebft ki\u1ec7m nhi\u00ean li\u1ec7u.<\/li>\n<\/ul>\n<h2><span style=\"font-size: 75%; color: #0000ff;\"><strong>Khung S\u01b0\u1eddn Chassis xe Jac:<\/strong><\/span><\/h2>\n<figure id=\"attachment_2107\" aria-describedby=\"caption-attachment-2107\" style=\"width: 800px\" class=\"wp-caption aligncenter\"><img loading=\"lazy\" decoding=\"async\" class=\"wp-image-2107 size-full\" title=\"khung s\u01b0\u1eddn xe jac n200 e5\" src=\"https:\/\/xetai3s.vn\/wp-content\/uploads\/2024\/07\/jac-n200-e5-thung-bat_optimized.jpg\" alt=\"jac n200s\" width=\"800\" height=\"565\" srcset=\"https:\/\/xetai3s.vn\/wp-content\/uploads\/2024\/07\/jac-n200-e5-thung-bat_optimized.jpg 800w, https:\/\/xetai3s.vn\/wp-content\/uploads\/2024\/07\/jac-n200-e5-thung-bat_optimized-300x212.jpg 300w, https:\/\/xetai3s.vn\/wp-content\/uploads\/2024\/07\/jac-n200-e5-thung-bat_optimized-768x542.jpg 768w\" sizes=\"(max-width: 800px) 100vw, 800px\" \/><figcaption id=\"caption-attachment-2107\" class=\"wp-caption-text\">H\u00ecnh \u1ea3nh: Khung s\u01b0\u1eddn chassis xe t\u1ea3i jac<\/figcaption><\/figure>\n<figure id=\"attachment_2108\" aria-describedby=\"caption-attachment-2108\" style=\"width: 800px\" class=\"wp-caption aligncenter\"><img loading=\"lazy\" decoding=\"async\" class=\"wp-image-2108 size-full\" title=\"c\u1ea7u xe t\u1ea3i jac n200 e5\" src=\"https:\/\/xetai3s.vn\/wp-content\/uploads\/2024\/07\/z5648517176668_3c4407d18b71549bcd76b399bb0c7baa_optimized.jpg\" alt=\"g\u1ea7m xe t\u1ea3i jac\" width=\"800\" height=\"599\" srcset=\"https:\/\/xetai3s.vn\/wp-content\/uploads\/2024\/07\/z5648517176668_3c4407d18b71549bcd76b399bb0c7baa_optimized.jpg 800w, https:\/\/xetai3s.vn\/wp-content\/uploads\/2024\/07\/z5648517176668_3c4407d18b71549bcd76b399bb0c7baa_optimized-300x225.jpg 300w, https:\/\/xetai3s.vn\/wp-content\/uploads\/2024\/07\/z5648517176668_3c4407d18b71549bcd76b399bb0c7baa_optimized-768x575.jpg 768w\" sizes=\"(max-width: 800px) 100vw, 800px\" \/><figcaption id=\"caption-attachment-2108\" class=\"wp-caption-text\">H\u00ecnh \u1ea3nh: C\u1ea7u xe t\u1ea3i Jac<\/figcaption><\/figure>\n<p>Chassis Jac 1.9 t\u1ea5n \u0111\u01b0\u1ee3c d\u1eadp m\u1ed9t l\u1ea7n th\u00e0nh h\u00ecnh v\u1edbi \u00e1p l\u1ef1c 6.000 t\u1ea5n, chassis xe v\u00f4 c\u00f9ng d\u1ebbo dai,ch\u1ecbu l\u1ef1c t\u1ed1t.C\u1ea7u xe s\u1eed d\u1ee5ng c\u1ea7u nhanh gi\u00fap cho kh\u1ea3 n\u0103ng v\u01b0\u1ee3t d\u1ed1c v\u00e0 \u0111\u01b0\u1eddng tr\u01b0\u1eddng m\u01b0\u1ee3t m\u00e0 h\u01a1n.<\/p>\n<p>K\u00edch th\u01b0\u1edbc l\u1ed1p tr\u01b0\u1edbc sau \u0111\u1ed3ng b\u1ed9 100% 7.00-16,d\u1ec5 d\u00e0ng s\u1ef1 d\u1ee5ng thay th\u1ebf.<\/p>\n<p><span style=\"color: #333399;\"><strong>K\u00edch th\u01b0\u1edbc N200 E5 mui b\u1ea1t:\u00a0 4370*1960*680\/1880 mm<\/strong><\/span><\/p>\n<p><span style=\"color: #333399;\"><strong>K\u00edch th\u01b0\u1edbc N200 E5 th\u00f9ng k\u00edn: 4360*2005*1880 mm<\/strong><\/span><\/p>\n<figure id=\"attachment_2109\" aria-describedby=\"caption-attachment-2109\" style=\"width: 800px\" class=\"wp-caption aligncenter\"><img loading=\"lazy\" decoding=\"async\" class=\"wp-image-2109 size-full\" title=\"jac n200 e5 t\u1ea3i 1 t\u1ea5n 9 th\u00f9ng k\u00edn\" src=\"https:\/\/xetai3s.vn\/wp-content\/uploads\/2024\/07\/z5648517185570_d12ac377b624c7d604c53e358d76b1e6_optimized.jpg\" alt=\"jac n200s \" width=\"800\" height=\"599\" srcset=\"https:\/\/xetai3s.vn\/wp-content\/uploads\/2024\/07\/z5648517185570_d12ac377b624c7d604c53e358d76b1e6_optimized.jpg 800w, https:\/\/xetai3s.vn\/wp-content\/uploads\/2024\/07\/z5648517185570_d12ac377b624c7d604c53e358d76b1e6_optimized-300x225.jpg 300w, https:\/\/xetai3s.vn\/wp-content\/uploads\/2024\/07\/z5648517185570_d12ac377b624c7d604c53e358d76b1e6_optimized-768x575.jpg 768w\" sizes=\"(max-width: 800px) 100vw, 800px\" \/><figcaption id=\"caption-attachment-2109\" class=\"wp-caption-text\">H\u00ecnh \u1ea3nh: Jac 1 t\u1ea5n 9 th\u00f9ng k\u00edn<\/figcaption><\/figure>\n<p><span style=\"color: #00aae7;\"><a style=\"color: #00aae7;\" href=\"https:\/\/xetai3s.vn\/san-pham\/gia-xe-tai-jac-n250s\/\">Gi\u00e1 xe l\u0103n b\u00e1nh Jac N250s E5<\/a><\/span><\/p>\n<p><span style=\"color: #0000ff;\"><strong>TH\u00d4NG TIN LI\u00caN H\u1ec6:<\/strong><\/span><\/p>\n<p style=\"text-align: center;\">\n<strong><span style=\"font-size: 140%;\">\u260e\ufe0f Hotline: <span style=\"color: #0000ff;\">0902.904.964 (Mr S\u01a1n \u2013 Ph\u00f3-PKD)<\/span> \u0111\u1ec3 \u0111\u01b0\u1ee3c t\u01b0 v\u1ea5n v\u00e0 h\u1ed7 tr\u1ee3<\/span>.<\/strong><br \/>\n\u0110\u1ecba ch\u1ec9: S\u1ed1 20\/3 \u0110LBD,Kp T\u00e2y,P V\u0129nh Ph\u00fa,Tp Thu\u1eadn An,B\u00ecnh D\u01b0\u01a1ng.<\/p>\n<p>&nbsp;<\/p>\n","protected":false},"excerpt":{"rendered":"<p>Xe t\u1ea3i Jac N200 e5 \u0111\u01b0\u1ee3c b\u1ea3o h\u00e0nh 5 n\u0103m ho\u1eb7c 150.000 km.L\u00e0 s\u1ea3n ph\u1ea9m b\u00e1n ch\u1ea1y trong n\u0103m 2024 v\u1edbi doanh s\u1ed1 cao, \u0111\u01b0\u1ee3c kh\u00e1ch h\u00e0ng tin d\u00f9ng v\u00ec t\u00ednh th\u1ea9m m\u0129 cao v\u00e0 ch\u1ea5t l\u01b0\u1ee3ng s\u1ea3n ph\u1ea9m.L\u1ee3i \u00edch k\u00ednh t\u1ebf cao, nhanh thu h\u1ed3i v\u1ed1n.<\/p>\n","protected":false},"featured_media":2103,"template":"","meta":[],"class_list":{"0":"post-2101","1":"product","2":"type-product","3":"status-publish","4":"has-post-thumbnail","6":"product_cat-xe-tai-nhe","7":"product_tag-jac-1-tan-9","8":"product_tag-jac-n200","9":"product_tag-jac-n200-e5","10":"product_tag-xe-jac-n200","11":"product_tag-xe-tai-jac-n200-e5","13":"first","14":"instock","15":"shipping-taxable","16":"product-type-simple"},"yoast_head":"<!-- This site is optimized with the Yoast SEO plugin v23.2 - https:\/\/yoast.com\/wordpress\/plugins\/seo\/ -->\n<title>XE T\u1ea2I JAC N200 E5 T\u1ea2I 1.9 T\u1ea4N TH\u00d9NG D\u00c0I 4M3 -<\/title>\n<meta name=\"description\" content=\"Xe t\u1ea3I Jac N200 e5 l\u00e0 s\u1ea3n ph\u1ea9m m\u1edbi c\u1ee7a Jac Vi\u1ec7t Nam trong n\u0103m 2024. V\u1edbi thi\u1ebft k\u1ebf t\u1ea3i tr\u1ecdng 1.9 t\u1ea5n,cabin m\u1eabu m\u1edbi thi\u1ebft k\u1ebf d\u1ea3i led ch\u1eef C.H\u1ed7 tr\u1ee3 tr\u1ea3 g\u00f3p.\" \/>\n<meta name=\"robots\" content=\"index, follow, max-snippet:-1, max-image-preview:large, max-video-preview:-1\" \/>\n<link rel=\"canonical\" href=\"https:\/\/xetai3s.vn\/?product=xe-tai-jac-n200-e5-tai-1-9-tan-thung-dai-4m3\" \/>\n<meta property=\"og:locale\" content=\"vi_VN\" \/>\n<meta property=\"og:type\" content=\"article\" \/>\n<meta property=\"og:title\" content=\"XE T\u1ea2I JAC N200 E5 T\u1ea2I 1.9 T\u1ea4N TH\u00d9NG D\u00c0I 4M3 -\" \/>\n<meta property=\"og:description\" content=\"Xe t\u1ea3I Jac N200 e5 l\u00e0 s\u1ea3n ph\u1ea9m m\u1edbi c\u1ee7a Jac Vi\u1ec7t Nam trong n\u0103m 2024. V\u1edbi thi\u1ebft k\u1ebf t\u1ea3i tr\u1ecdng 1.9 t\u1ea5n,cabin m\u1eabu m\u1edbi thi\u1ebft k\u1ebf d\u1ea3i led ch\u1eef C.H\u1ed7 tr\u1ee3 tr\u1ea3 g\u00f3p.\" \/>\n<meta property=\"og:url\" content=\"https:\/\/xetai3s.vn\/?product=xe-tai-jac-n200-e5-tai-1-9-tan-thung-dai-4m3\" \/>\n<meta property=\"article:modified_time\" content=\"2025-02-19T22:19:08+00:00\" \/>\n<meta property=\"og:image\" content=\"https:\/\/xetai3s.vn\/wp-content\/uploads\/2024\/07\/xe-tai-jac-n200-e5_optimized-e1721373814707.jpg\" \/>\n\t<meta property=\"og:image:width\" content=\"550\" \/>\n\t<meta property=\"og:image:height\" content=\"388\" \/>\n\t<meta property=\"og:image:type\" content=\"image\/jpeg\" \/>\n<meta name=\"twitter:card\" content=\"summary_large_image\" \/>\n<meta name=\"twitter:label1\" content=\"Gi\u00e1\" \/>\n\t<meta name=\"twitter:data1\" content=\"\" \/>\n\t<meta name=\"twitter:label2\" content=\"Kh\u1ea3 d\u1ee5ng\" \/>\n\t<meta name=\"twitter:data2\" content=\"Trong kho\" \/>\n<script type=\"application\/ld+json\" class=\"yoast-schema-graph\">{\"@context\":\"https:\/\/schema.org\",\"@graph\":[{\"@type\":\"WebPage\",\"@id\":\"https:\/\/xetai3s.vn\/?product=xe-tai-jac-n200-e5-tai-1-9-tan-thung-dai-4m3\",\"url\":\"https:\/\/xetai3s.vn\/?product=xe-tai-jac-n200-e5-tai-1-9-tan-thung-dai-4m3\",\"name\":\"XE T\u1ea2I JAC N200 E5 T\u1ea2I 1.9 T\u1ea4N TH\u00d9NG D\u00c0I 4M3 -\",\"isPartOf\":{\"@id\":\"https:\/\/xetai3s.vn\/#website\"},\"primaryImageOfPage\":{\"@id\":\"https:\/\/xetai3s.vn\/?product=xe-tai-jac-n200-e5-tai-1-9-tan-thung-dai-4m3#primaryimage\"},\"image\":{\"@id\":\"https:\/\/xetai3s.vn\/?product=xe-tai-jac-n200-e5-tai-1-9-tan-thung-dai-4m3#primaryimage\"},\"thumbnailUrl\":\"https:\/\/xetai3s.vn\/wp-content\/uploads\/2024\/07\/xe-tai-jac-n200-e5_optimized-e1721373814707.jpg\",\"datePublished\":\"2024-07-19T07:38:38+00:00\",\"dateModified\":\"2025-02-19T22:19:08+00:00\",\"description\":\"Xe t\u1ea3I Jac N200 e5 l\u00e0 s\u1ea3n ph\u1ea9m m\u1edbi c\u1ee7a Jac Vi\u1ec7t Nam trong n\u0103m 2024. V\u1edbi thi\u1ebft k\u1ebf t\u1ea3i tr\u1ecdng 1.9 t\u1ea5n,cabin m\u1eabu m\u1edbi thi\u1ebft k\u1ebf d\u1ea3i led ch\u1eef C.H\u1ed7 tr\u1ee3 tr\u1ea3 g\u00f3p.\",\"breadcrumb\":{\"@id\":\"https:\/\/xetai3s.vn\/?product=xe-tai-jac-n200-e5-tai-1-9-tan-thung-dai-4m3#breadcrumb\"},\"inLanguage\":\"vi\",\"potentialAction\":[{\"@type\":\"ReadAction\",\"target\":[\"https:\/\/xetai3s.vn\/?product=xe-tai-jac-n200-e5-tai-1-9-tan-thung-dai-4m3\"]}]},{\"@type\":\"ImageObject\",\"inLanguage\":\"vi\",\"@id\":\"https:\/\/xetai3s.vn\/?product=xe-tai-jac-n200-e5-tai-1-9-tan-thung-dai-4m3#primaryimage\",\"url\":\"https:\/\/xetai3s.vn\/wp-content\/uploads\/2024\/07\/xe-tai-jac-n200-e5_optimized-e1721373814707.jpg\",\"contentUrl\":\"https:\/\/xetai3s.vn\/wp-content\/uploads\/2024\/07\/xe-tai-jac-n200-e5_optimized-e1721373814707.jpg\",\"width\":550,\"height\":388,\"caption\":\"H\u00ecnh \u1ea3nh: Xe t\u1ea3i Jac N200s e5\"},{\"@type\":\"BreadcrumbList\",\"@id\":\"https:\/\/xetai3s.vn\/?product=xe-tai-jac-n200-e5-tai-1-9-tan-thung-dai-4m3#breadcrumb\",\"itemListElement\":[{\"@type\":\"ListItem\",\"position\":1,\"name\":\"Trang ch\u1ee7\",\"item\":\"https:\/\/xetai3s.vn\/\"},{\"@type\":\"ListItem\",\"position\":2,\"name\":\"C\u1eeda h\u00e0ng\",\"item\":\"https:\/\/xetai3s.vn\/?page_id=16\"},{\"@type\":\"ListItem\",\"position\":3,\"name\":\"XE T\u1ea2I JAC N200 E5 T\u1ea2I 1.9 T\u1ea4N TH\u00d9NG D\u00c0I 4M3\"}]},{\"@type\":\"WebSite\",\"@id\":\"https:\/\/xetai3s.vn\/#website\",\"url\":\"https:\/\/xetai3s.vn\/\",\"name\":\"\",\"description\":\"Xe T\u1ea3i Jac\",\"potentialAction\":[{\"@type\":\"SearchAction\",\"target\":{\"@type\":\"EntryPoint\",\"urlTemplate\":\"https:\/\/xetai3s.vn\/?s={search_term_string}\"},\"query-input\":\"required name=search_term_string\"}],\"inLanguage\":\"vi\"}]}<\/script>\n<meta property=\"product:price:amount\" content=\"0\" \/>\n<meta property=\"product:price:currency\" content=\"VND\" \/>\n<meta property=\"og:availability\" content=\"instock\" \/>\n<meta property=\"product:availability\" content=\"instock\" \/>\n<meta property=\"product:condition\" content=\"new\" \/>\n<!-- \/ Yoast SEO plugin. -->","yoast_head_json":{"title":"XE T\u1ea2I JAC N200 E5 T\u1ea2I 1.9 T\u1ea4N TH\u00d9NG D\u00c0I 4M3 -","description":"Xe t\u1ea3I Jac N200 e5 l\u00e0 s\u1ea3n ph\u1ea9m m\u1edbi c\u1ee7a Jac Vi\u1ec7t Nam trong n\u0103m 2024. V\u1edbi thi\u1ebft k\u1ebf t\u1ea3i tr\u1ecdng 1.9 t\u1ea5n,cabin m\u1eabu m\u1edbi thi\u1ebft k\u1ebf d\u1ea3i led ch\u1eef C.H\u1ed7 tr\u1ee3 tr\u1ea3 g\u00f3p.","robots":{"index":"index","follow":"follow","max-snippet":"max-snippet:-1","max-image-preview":"max-image-preview:large","max-video-preview":"max-video-preview:-1"},"canonical":"https:\/\/xetai3s.vn\/?product=xe-tai-jac-n200-e5-tai-1-9-tan-thung-dai-4m3","og_locale":"vi_VN","og_type":"article","og_title":"XE T\u1ea2I JAC N200 E5 T\u1ea2I 1.9 T\u1ea4N TH\u00d9NG D\u00c0I 4M3 -","og_description":"Xe t\u1ea3I Jac N200 e5 l\u00e0 s\u1ea3n ph\u1ea9m m\u1edbi c\u1ee7a Jac Vi\u1ec7t Nam trong n\u0103m 2024. V\u1edbi thi\u1ebft k\u1ebf t\u1ea3i tr\u1ecdng 1.9 t\u1ea5n,cabin m\u1eabu m\u1edbi thi\u1ebft k\u1ebf d\u1ea3i led ch\u1eef C.H\u1ed7 tr\u1ee3 tr\u1ea3 g\u00f3p.","og_url":"https:\/\/xetai3s.vn\/?product=xe-tai-jac-n200-e5-tai-1-9-tan-thung-dai-4m3","article_modified_time":"2025-02-19T22:19:08+00:00","og_image":[{"width":550,"height":388,"url":"https:\/\/xetai3s.vn\/wp-content\/uploads\/2024\/07\/xe-tai-jac-n200-e5_optimized-e1721373814707.jpg","type":"image\/jpeg"}],"twitter_card":"summary_large_image","twitter_misc":{"Gi\u00e1":"","Kh\u1ea3 d\u1ee5ng":"Trong kho"},"schema":{"@context":"https:\/\/schema.org","@graph":[{"@type":"WebPage","@id":"https:\/\/xetai3s.vn\/?product=xe-tai-jac-n200-e5-tai-1-9-tan-thung-dai-4m3","url":"https:\/\/xetai3s.vn\/?product=xe-tai-jac-n200-e5-tai-1-9-tan-thung-dai-4m3","name":"XE T\u1ea2I JAC N200 E5 T\u1ea2I 1.9 T\u1ea4N TH\u00d9NG D\u00c0I 4M3 -","isPartOf":{"@id":"https:\/\/xetai3s.vn\/#website"},"primaryImageOfPage":{"@id":"https:\/\/xetai3s.vn\/?product=xe-tai-jac-n200-e5-tai-1-9-tan-thung-dai-4m3#primaryimage"},"image":{"@id":"https:\/\/xetai3s.vn\/?product=xe-tai-jac-n200-e5-tai-1-9-tan-thung-dai-4m3#primaryimage"},"thumbnailUrl":"https:\/\/xetai3s.vn\/wp-content\/uploads\/2024\/07\/xe-tai-jac-n200-e5_optimized-e1721373814707.jpg","datePublished":"2024-07-19T07:38:38+00:00","dateModified":"2025-02-19T22:19:08+00:00","description":"Xe t\u1ea3I Jac N200 e5 l\u00e0 s\u1ea3n ph\u1ea9m m\u1edbi c\u1ee7a Jac Vi\u1ec7t Nam trong n\u0103m 2024. V\u1edbi thi\u1ebft k\u1ebf t\u1ea3i tr\u1ecdng 1.9 t\u1ea5n,cabin m\u1eabu m\u1edbi thi\u1ebft k\u1ebf d\u1ea3i led ch\u1eef C.H\u1ed7 tr\u1ee3 tr\u1ea3 g\u00f3p.","breadcrumb":{"@id":"https:\/\/xetai3s.vn\/?product=xe-tai-jac-n200-e5-tai-1-9-tan-thung-dai-4m3#breadcrumb"},"inLanguage":"vi","potentialAction":[{"@type":"ReadAction","target":["https:\/\/xetai3s.vn\/?product=xe-tai-jac-n200-e5-tai-1-9-tan-thung-dai-4m3"]}]},{"@type":"ImageObject","inLanguage":"vi","@id":"https:\/\/xetai3s.vn\/?product=xe-tai-jac-n200-e5-tai-1-9-tan-thung-dai-4m3#primaryimage","url":"https:\/\/xetai3s.vn\/wp-content\/uploads\/2024\/07\/xe-tai-jac-n200-e5_optimized-e1721373814707.jpg","contentUrl":"https:\/\/xetai3s.vn\/wp-content\/uploads\/2024\/07\/xe-tai-jac-n200-e5_optimized-e1721373814707.jpg","width":550,"height":388,"caption":"H\u00ecnh \u1ea3nh: Xe t\u1ea3i Jac N200s e5"},{"@type":"BreadcrumbList","@id":"https:\/\/xetai3s.vn\/?product=xe-tai-jac-n200-e5-tai-1-9-tan-thung-dai-4m3#breadcrumb","itemListElement":[{"@type":"ListItem","position":1,"name":"Trang ch\u1ee7","item":"https:\/\/xetai3s.vn\/"},{"@type":"ListItem","position":2,"name":"C\u1eeda h\u00e0ng","item":"https:\/\/xetai3s.vn\/?page_id=16"},{"@type":"ListItem","position":3,"name":"XE T\u1ea2I JAC N200 E5 T\u1ea2I 1.9 T\u1ea4N TH\u00d9NG D\u00c0I 4M3"}]},{"@type":"WebSite","@id":"https:\/\/xetai3s.vn\/#website","url":"https:\/\/xetai3s.vn\/","name":"","description":"Xe T\u1ea3i Jac","potentialAction":[{"@type":"SearchAction","target":{"@type":"EntryPoint","urlTemplate":"https:\/\/xetai3s.vn\/?s={search_term_string}"},"query-input":"required name=search_term_string"}],"inLanguage":"vi"}]},"product_price_currency":"VND","og_availability":"instock","product_availability":"instock","product_condition":"new"},"_links":{"self":[{"href":"https:\/\/xetai3s.vn\/index.php?rest_route=\/wp\/v2\/product\/2101"}],"collection":[{"href":"https:\/\/xetai3s.vn\/index.php?rest_route=\/wp\/v2\/product"}],"about":[{"href":"https:\/\/xetai3s.vn\/index.php?rest_route=\/wp\/v2\/types\/product"}],"wp:featuredmedia":[{"embeddable":true,"href":"https:\/\/xetai3s.vn\/index.php?rest_route=\/wp\/v2\/media\/2103"}],"wp:attachment":[{"href":"https:\/\/xetai3s.vn\/index.php?rest_route=%2Fwp%2Fv2%2Fmedia&parent=2101"}],"curies":[{"name":"wp","href":"https:\/\/api.w.org\/{rel}","templated":true}]}}