{"id":1868,"date":"2024-04-16T09:49:21","date_gmt":"2024-04-16T02:49:21","guid":{"rendered":"https:\/\/xetai3s.vn\/?post_type=product&#038;p=1868"},"modified":"2024-09-17T15:19:55","modified_gmt":"2024-09-17T08:19:55","slug":"https-xetai3s-vn-productloc-lanh-xe-tai-jac-n200s-n350s","status":"publish","type":"product","link":"https:\/\/xetai3s.vn\/?product=https-xetai3s-vn-productloc-lanh-xe-tai-jac-n200s-n350s","title":{"rendered":"L\u1ed1c l\u1ea1nh xe t\u1ea3i jac N200S, N350s"},"content":{"rendered":"<h1><span style=\"color: #0000ff;\"><strong>Ph\u1ee5 t\u00f9ng xe t\u1ea3i Jac ch\u00ednh h\u00e3ng:<\/strong><\/span><\/h1>\n<figure id=\"attachment_1869\" aria-describedby=\"caption-attachment-1869\" style=\"width: 800px\" class=\"wp-caption aligncenter\"><a href=\"https:\/\/xetai3s.vn\/?product=loc-lanh-xe-tai-jac-n200s-n350s\"><img loading=\"lazy\" decoding=\"async\" class=\"wp-image-1869\" title=\"l\u1ed1c l\u1ea1nh xe t\u1ea3i jac n200s,n350s\" src=\"https:\/\/xetai3s.vn\/wp-content\/uploads\/2024\/04\/z5352455487732_314e2c1bade42d418b057d26a4c20bec_optimized-1024x766.jpg\" alt=\"l\u1ed1c l\u1ea1nh xe t\u1ea3i jac n200s v\u00e0 n350s\" width=\"800\" height=\"599\" srcset=\"https:\/\/xetai3s.vn\/wp-content\/uploads\/2024\/04\/z5352455487732_314e2c1bade42d418b057d26a4c20bec_optimized-1024x766.jpg 1024w, https:\/\/xetai3s.vn\/wp-content\/uploads\/2024\/04\/z5352455487732_314e2c1bade42d418b057d26a4c20bec_optimized-300x224.jpg 300w, https:\/\/xetai3s.vn\/wp-content\/uploads\/2024\/04\/z5352455487732_314e2c1bade42d418b057d26a4c20bec_optimized-768x575.jpg 768w, https:\/\/xetai3s.vn\/wp-content\/uploads\/2024\/04\/z5352455487732_314e2c1bade42d418b057d26a4c20bec_optimized-1536x1149.jpg 1536w, https:\/\/xetai3s.vn\/wp-content\/uploads\/2024\/04\/z5352455487732_314e2c1bade42d418b057d26a4c20bec_optimized-2048x1532.jpg 2048w, https:\/\/xetai3s.vn\/wp-content\/uploads\/2024\/04\/z5352455487732_314e2c1bade42d418b057d26a4c20bec_optimized-1080x808.jpg 1080w\" sizes=\"(max-width: 800px) 100vw, 800px\" \/><\/a><figcaption id=\"caption-attachment-1869\" class=\"wp-caption-text\">H\u00ecnh \u1ea3nh: L\u1ed1c l\u1ea1nh Jac N200s,N350s<\/figcaption><\/figure>\n<ul>\n<li><strong>C\u00f4ng ty c\u1ed5 ph\u1ea7n \u00f4 t\u00f4 Jac Giang Ho\u00e0i<\/strong> chuy\u00ean ph\u00e2n ph\u1ed1i <strong>xe t\u1ea3i Jac<\/strong> v\u00e0 <strong>ph\u1ee5 t\u00f9ng xe t\u1ea3i JAC<\/strong> ch\u00ednh h\u00e3ng,uy t\u00edn, t\u1eadn t\u00e2m,ch\u1ea5t l\u01b0\u1ee3ng.<\/li>\n<li>Ch\u1ebf \u0111\u1ed9 b\u1ea3o h\u00e0nh t\u1ed1t,ph\u1ee5 t\u00f9ng lu\u00f4n c\u00f3 s\u1eb5n kho ph\u1ee5c v\u1ee5 cho qu\u00fd kh\u00e1ch h\u00e0ng.<\/li>\n<\/ul>\n<p><strong>L\u1ed1c l\u1ea1nh xe t\u1ea3i Jac n200s,n350s<\/strong> ch\u00ednh h\u00e3ng<\/p>\n<figure id=\"attachment_1870\" aria-describedby=\"caption-attachment-1870\" style=\"width: 768px\" class=\"wp-caption aligncenter\"><a href=\"https:\/\/xetai3s.vn\/?product=loc-lanh-xe-tai-jac-n200s-n350s\"><img loading=\"lazy\" decoding=\"async\" class=\"wp-image-1870 size-large\" title=\"l\u1ed1c l\u1ea1nh xe t\u1ea3i jac\" src=\"https:\/\/xetai3s.vn\/wp-content\/uploads\/2024\/04\/z5352455482524_80501163907c51b58450e53edb1235ba_optimized-768x1024.jpg\" alt=\"l\u1ed1c l\u1ea1nh xe t\u1ea3i jac n200s v\u00e0 n350s\" width=\"768\" height=\"1024\" srcset=\"https:\/\/xetai3s.vn\/wp-content\/uploads\/2024\/04\/z5352455482524_80501163907c51b58450e53edb1235ba_optimized-768x1024.jpg 768w, https:\/\/xetai3s.vn\/wp-content\/uploads\/2024\/04\/z5352455482524_80501163907c51b58450e53edb1235ba_optimized-225x300.jpg 225w, https:\/\/xetai3s.vn\/wp-content\/uploads\/2024\/04\/z5352455482524_80501163907c51b58450e53edb1235ba_optimized-1152x1536.jpg 1152w, https:\/\/xetai3s.vn\/wp-content\/uploads\/2024\/04\/z5352455482524_80501163907c51b58450e53edb1235ba_optimized-1536x2048.jpg 1536w, https:\/\/xetai3s.vn\/wp-content\/uploads\/2024\/04\/z5352455482524_80501163907c51b58450e53edb1235ba_optimized-1080x1440.jpg 1080w, https:\/\/xetai3s.vn\/wp-content\/uploads\/2024\/04\/z5352455482524_80501163907c51b58450e53edb1235ba_optimized-scaled.jpg 1920w\" sizes=\"(max-width: 768px) 100vw, 768px\" \/><\/a><figcaption id=\"caption-attachment-1870\" class=\"wp-caption-text\">H\u00ecnh \u1ea3nh: L\u1ed1c l\u1ea1nh xe t\u1ea3i JAC N200S,N350S<\/figcaption><\/figure>\n<p><a href=\"https:\/\/xetai3s.vn\/?product_cat=phu-tung\"><span style=\"color: #0000ff;\"><strong>XEM TH\u00caM PH\u1ee4 T\u00d9NG XE T\u1ea2I JAC CH\u00cdNH H\u00c3NG<\/strong><\/span><\/a><\/p>\n<p style=\"text-align: center;\"><span style=\"color: #0000ff;\"><strong>LI\u00caN H\u1ec6 EM S\u01a0N 0902.904.964 T\u01af V\u1ea4N V\u00c0 B\u00c1O GI\u00c1<\/strong><\/span><\/p>\n","protected":false},"excerpt":{"rendered":"<p>L\u1ed1c l\u1ea1nh xe t\u1ea3i Jac ch\u00ednh h\u00e3ng t\u1eeb Jac motor.<\/p>\n","protected":false},"featured_media":1871,"template":"","meta":[],"class_list":{"0":"post-1868","1":"product","2":"type-product","3":"status-publish","4":"has-post-thumbnail","6":"product_cat-phu-tung","7":"product_tag-loc-lanh","8":"product_tag-loc-lanh-jac-n200s-n350s","9":"product_tag-loc-lanh-xe-tai-jac","10":"product_tag-phu-tung-jac","11":"product_tag-phu-tung-xe-jac","12":"product_tag-phu-tung-xe-tai-jac","13":"product_tag-xe-tai-jac","15":"first","16":"instock","17":"shipping-taxable","18":"product-type-simple"},"yoast_head":"<!-- This site is optimized with the Yoast SEO plugin v23.2 - https:\/\/yoast.com\/wordpress\/plugins\/seo\/ -->\n<title>L\u1ed1c l\u1ea1nh xe t\u1ea3i jac N200S, N350s -<\/title>\n<meta name=\"description\" content=\"L\u1ed1c l\u1ea1nh xe t\u1ea3i Jac ch\u0129nh h\u00e3ng,ch\u00fang t\u00f4i chuy\u00ean c\u0169ng c\u1ea5p ph\u1ee5 t\u00f9ng xe t\u1ea3i jac to\u00e0n qu\u1ed1c.H\u00e0ng ch\u00ednh h\u00e3ng t\u1eeb Jac Motor gi\u00e1 t\u1ed1t nh\u1ea5t.\" \/>\n<meta name=\"robots\" content=\"index, follow, max-snippet:-1, max-image-preview:large, max-video-preview:-1\" \/>\n<link rel=\"canonical\" href=\"https:\/\/xetai3s.vn\/?product=https-xetai3s-vn-productloc-lanh-xe-tai-jac-n200s-n350s\" \/>\n<meta property=\"og:locale\" content=\"vi_VN\" \/>\n<meta property=\"og:type\" content=\"article\" \/>\n<meta property=\"og:title\" content=\"L\u1ed1c l\u1ea1nh xe t\u1ea3i jac N200S, N350s -\" \/>\n<meta property=\"og:description\" content=\"L\u1ed1c l\u1ea1nh xe t\u1ea3i Jac ch\u0129nh h\u00e3ng,ch\u00fang t\u00f4i chuy\u00ean c\u0169ng c\u1ea5p ph\u1ee5 t\u00f9ng xe t\u1ea3i jac to\u00e0n qu\u1ed1c.H\u00e0ng ch\u00ednh h\u00e3ng t\u1eeb Jac Motor gi\u00e1 t\u1ed1t nh\u1ea5t.\" \/>\n<meta property=\"og:url\" content=\"https:\/\/xetai3s.vn\/?product=https-xetai3s-vn-productloc-lanh-xe-tai-jac-n200s-n350s\" \/>\n<meta property=\"article:modified_time\" content=\"2024-09-17T08:19:55+00:00\" \/>\n<meta property=\"og:image\" content=\"https:\/\/xetai3s.vn\/wp-content\/uploads\/2024\/04\/z5352455494012_60fceb321edc943607b50a22ba137be4_optimized-scaled.jpg\" \/>\n\t<meta property=\"og:image:width\" content=\"1920\" \/>\n\t<meta property=\"og:image:height\" content=\"2560\" \/>\n\t<meta property=\"og:image:type\" content=\"image\/jpeg\" \/>\n<meta name=\"twitter:card\" content=\"summary_large_image\" \/>\n<meta name=\"twitter:label1\" content=\"Gi\u00e1\" \/>\n\t<meta name=\"twitter:data1\" content=\"\" \/>\n\t<meta name=\"twitter:label2\" content=\"Kh\u1ea3 d\u1ee5ng\" \/>\n\t<meta name=\"twitter:data2\" content=\"Trong kho\" \/>\n<script type=\"application\/ld+json\" class=\"yoast-schema-graph\">{\"@context\":\"https:\/\/schema.org\",\"@graph\":[{\"@type\":\"WebPage\",\"@id\":\"https:\/\/xetai3s.vn\/?product=https-xetai3s-vn-productloc-lanh-xe-tai-jac-n200s-n350s\",\"url\":\"https:\/\/xetai3s.vn\/?product=https-xetai3s-vn-productloc-lanh-xe-tai-jac-n200s-n350s\",\"name\":\"L\u1ed1c l\u1ea1nh xe t\u1ea3i jac N200S, N350s -\",\"isPartOf\":{\"@id\":\"https:\/\/xetai3s.vn\/#website\"},\"primaryImageOfPage\":{\"@id\":\"https:\/\/xetai3s.vn\/?product=https-xetai3s-vn-productloc-lanh-xe-tai-jac-n200s-n350s#primaryimage\"},\"image\":{\"@id\":\"https:\/\/xetai3s.vn\/?product=https-xetai3s-vn-productloc-lanh-xe-tai-jac-n200s-n350s#primaryimage\"},\"thumbnailUrl\":\"https:\/\/xetai3s.vn\/wp-content\/uploads\/2024\/04\/z5352455494012_60fceb321edc943607b50a22ba137be4_optimized-scaled.jpg\",\"datePublished\":\"2024-04-16T02:49:21+00:00\",\"dateModified\":\"2024-09-17T08:19:55+00:00\",\"description\":\"L\u1ed1c l\u1ea1nh xe t\u1ea3i Jac ch\u0129nh h\u00e3ng,ch\u00fang t\u00f4i chuy\u00ean c\u0169ng c\u1ea5p ph\u1ee5 t\u00f9ng xe t\u1ea3i jac to\u00e0n qu\u1ed1c.H\u00e0ng ch\u00ednh h\u00e3ng t\u1eeb Jac Motor gi\u00e1 t\u1ed1t nh\u1ea5t.\",\"breadcrumb\":{\"@id\":\"https:\/\/xetai3s.vn\/?product=https-xetai3s-vn-productloc-lanh-xe-tai-jac-n200s-n350s#breadcrumb\"},\"inLanguage\":\"vi\",\"potentialAction\":[{\"@type\":\"ReadAction\",\"target\":[\"https:\/\/xetai3s.vn\/?product=https-xetai3s-vn-productloc-lanh-xe-tai-jac-n200s-n350s\"]}]},{\"@type\":\"ImageObject\",\"inLanguage\":\"vi\",\"@id\":\"https:\/\/xetai3s.vn\/?product=https-xetai3s-vn-productloc-lanh-xe-tai-jac-n200s-n350s#primaryimage\",\"url\":\"https:\/\/xetai3s.vn\/wp-content\/uploads\/2024\/04\/z5352455494012_60fceb321edc943607b50a22ba137be4_optimized-scaled.jpg\",\"contentUrl\":\"https:\/\/xetai3s.vn\/wp-content\/uploads\/2024\/04\/z5352455494012_60fceb321edc943607b50a22ba137be4_optimized-scaled.jpg\",\"width\":1920,\"height\":2560},{\"@type\":\"BreadcrumbList\",\"@id\":\"https:\/\/xetai3s.vn\/?product=https-xetai3s-vn-productloc-lanh-xe-tai-jac-n200s-n350s#breadcrumb\",\"itemListElement\":[{\"@type\":\"ListItem\",\"position\":1,\"name\":\"Trang ch\u1ee7\",\"item\":\"https:\/\/xetai3s.vn\/\"},{\"@type\":\"ListItem\",\"position\":2,\"name\":\"C\u1eeda h\u00e0ng\",\"item\":\"https:\/\/xetai3s.vn\/?page_id=16\"},{\"@type\":\"ListItem\",\"position\":3,\"name\":\"L\u1ed1c l\u1ea1nh xe t\u1ea3i jac N200S, N350s\"}]},{\"@type\":\"WebSite\",\"@id\":\"https:\/\/xetai3s.vn\/#website\",\"url\":\"https:\/\/xetai3s.vn\/\",\"name\":\"\",\"description\":\"Xe T\u1ea3i Jac\",\"potentialAction\":[{\"@type\":\"SearchAction\",\"target\":{\"@type\":\"EntryPoint\",\"urlTemplate\":\"https:\/\/xetai3s.vn\/?s={search_term_string}\"},\"query-input\":\"required name=search_term_string\"}],\"inLanguage\":\"vi\"}]}<\/script>\n<meta property=\"product:price:amount\" content=\"0\" \/>\n<meta property=\"product:price:currency\" content=\"VND\" \/>\n<meta property=\"og:availability\" content=\"instock\" \/>\n<meta property=\"product:availability\" content=\"instock\" \/>\n<meta property=\"product:condition\" content=\"new\" \/>\n<!-- \/ Yoast SEO plugin. -->","yoast_head_json":{"title":"L\u1ed1c l\u1ea1nh xe t\u1ea3i jac N200S, N350s -","description":"L\u1ed1c l\u1ea1nh xe t\u1ea3i Jac ch\u0129nh h\u00e3ng,ch\u00fang t\u00f4i chuy\u00ean c\u0169ng c\u1ea5p ph\u1ee5 t\u00f9ng xe t\u1ea3i jac to\u00e0n qu\u1ed1c.H\u00e0ng ch\u00ednh h\u00e3ng t\u1eeb Jac Motor gi\u00e1 t\u1ed1t nh\u1ea5t.","robots":{"index":"index","follow":"follow","max-snippet":"max-snippet:-1","max-image-preview":"max-image-preview:large","max-video-preview":"max-video-preview:-1"},"canonical":"https:\/\/xetai3s.vn\/?product=https-xetai3s-vn-productloc-lanh-xe-tai-jac-n200s-n350s","og_locale":"vi_VN","og_type":"article","og_title":"L\u1ed1c l\u1ea1nh xe t\u1ea3i jac N200S, N350s -","og_description":"L\u1ed1c l\u1ea1nh xe t\u1ea3i Jac ch\u0129nh h\u00e3ng,ch\u00fang t\u00f4i chuy\u00ean c\u0169ng c\u1ea5p ph\u1ee5 t\u00f9ng xe t\u1ea3i jac to\u00e0n qu\u1ed1c.H\u00e0ng ch\u00ednh h\u00e3ng t\u1eeb Jac Motor gi\u00e1 t\u1ed1t nh\u1ea5t.","og_url":"https:\/\/xetai3s.vn\/?product=https-xetai3s-vn-productloc-lanh-xe-tai-jac-n200s-n350s","article_modified_time":"2024-09-17T08:19:55+00:00","og_image":[{"width":1920,"height":2560,"url":"https:\/\/xetai3s.vn\/wp-content\/uploads\/2024\/04\/z5352455494012_60fceb321edc943607b50a22ba137be4_optimized-scaled.jpg","type":"image\/jpeg"}],"twitter_card":"summary_large_image","twitter_misc":{"Gi\u00e1":"","Kh\u1ea3 d\u1ee5ng":"Trong kho"},"schema":{"@context":"https:\/\/schema.org","@graph":[{"@type":"WebPage","@id":"https:\/\/xetai3s.vn\/?product=https-xetai3s-vn-productloc-lanh-xe-tai-jac-n200s-n350s","url":"https:\/\/xetai3s.vn\/?product=https-xetai3s-vn-productloc-lanh-xe-tai-jac-n200s-n350s","name":"L\u1ed1c l\u1ea1nh xe t\u1ea3i jac N200S, N350s -","isPartOf":{"@id":"https:\/\/xetai3s.vn\/#website"},"primaryImageOfPage":{"@id":"https:\/\/xetai3s.vn\/?product=https-xetai3s-vn-productloc-lanh-xe-tai-jac-n200s-n350s#primaryimage"},"image":{"@id":"https:\/\/xetai3s.vn\/?product=https-xetai3s-vn-productloc-lanh-xe-tai-jac-n200s-n350s#primaryimage"},"thumbnailUrl":"https:\/\/xetai3s.vn\/wp-content\/uploads\/2024\/04\/z5352455494012_60fceb321edc943607b50a22ba137be4_optimized-scaled.jpg","datePublished":"2024-04-16T02:49:21+00:00","dateModified":"2024-09-17T08:19:55+00:00","description":"L\u1ed1c l\u1ea1nh xe t\u1ea3i Jac ch\u0129nh h\u00e3ng,ch\u00fang t\u00f4i chuy\u00ean c\u0169ng c\u1ea5p ph\u1ee5 t\u00f9ng xe t\u1ea3i jac to\u00e0n qu\u1ed1c.H\u00e0ng ch\u00ednh h\u00e3ng t\u1eeb Jac Motor gi\u00e1 t\u1ed1t nh\u1ea5t.","breadcrumb":{"@id":"https:\/\/xetai3s.vn\/?product=https-xetai3s-vn-productloc-lanh-xe-tai-jac-n200s-n350s#breadcrumb"},"inLanguage":"vi","potentialAction":[{"@type":"ReadAction","target":["https:\/\/xetai3s.vn\/?product=https-xetai3s-vn-productloc-lanh-xe-tai-jac-n200s-n350s"]}]},{"@type":"ImageObject","inLanguage":"vi","@id":"https:\/\/xetai3s.vn\/?product=https-xetai3s-vn-productloc-lanh-xe-tai-jac-n200s-n350s#primaryimage","url":"https:\/\/xetai3s.vn\/wp-content\/uploads\/2024\/04\/z5352455494012_60fceb321edc943607b50a22ba137be4_optimized-scaled.jpg","contentUrl":"https:\/\/xetai3s.vn\/wp-content\/uploads\/2024\/04\/z5352455494012_60fceb321edc943607b50a22ba137be4_optimized-scaled.jpg","width":1920,"height":2560},{"@type":"BreadcrumbList","@id":"https:\/\/xetai3s.vn\/?product=https-xetai3s-vn-productloc-lanh-xe-tai-jac-n200s-n350s#breadcrumb","itemListElement":[{"@type":"ListItem","position":1,"name":"Trang ch\u1ee7","item":"https:\/\/xetai3s.vn\/"},{"@type":"ListItem","position":2,"name":"C\u1eeda h\u00e0ng","item":"https:\/\/xetai3s.vn\/?page_id=16"},{"@type":"ListItem","position":3,"name":"L\u1ed1c l\u1ea1nh xe t\u1ea3i jac N200S, N350s"}]},{"@type":"WebSite","@id":"https:\/\/xetai3s.vn\/#website","url":"https:\/\/xetai3s.vn\/","name":"","description":"Xe T\u1ea3i Jac","potentialAction":[{"@type":"SearchAction","target":{"@type":"EntryPoint","urlTemplate":"https:\/\/xetai3s.vn\/?s={search_term_string}"},"query-input":"required name=search_term_string"}],"inLanguage":"vi"}]},"product_price_currency":"VND","og_availability":"instock","product_availability":"instock","product_condition":"new"},"_links":{"self":[{"href":"https:\/\/xetai3s.vn\/index.php?rest_route=\/wp\/v2\/product\/1868"}],"collection":[{"href":"https:\/\/xetai3s.vn\/index.php?rest_route=\/wp\/v2\/product"}],"about":[{"href":"https:\/\/xetai3s.vn\/index.php?rest_route=\/wp\/v2\/types\/product"}],"wp:featuredmedia":[{"embeddable":true,"href":"https:\/\/xetai3s.vn\/index.php?rest_route=\/wp\/v2\/media\/1871"}],"wp:attachment":[{"href":"https:\/\/xetai3s.vn\/index.php?rest_route=%2Fwp%2Fv2%2Fmedia&parent=1868"}],"curies":[{"name":"wp","href":"https:\/\/api.w.org\/{rel}","templated":true}]}}